--
-- Defs for choice_lists and choices
--
INSERT INTO choice_lists (`id`,`name`) VALUES (0,'Global');
INSERT INTO choice_lists (`id`,`name`) VALUES (1,'Toujours');
INSERT INTO choice_lists (`id`,`name`) VALUES (2,'Jamais');
INSERT INTO choice_lists (`id`,`name`) VALUES (3,'Totale');
INSERT INTO choice_lists (`id`,`name`) VALUES (4,'Capacité');
INSERT INTO choice_lists (`id`,`name`) VALUES (5,'Seul');
INSERT INTO choice_lists (`id`,`name`) VALUES (10,'Compréhension orale');
INSERT INTO choice_lists (`id`,`name`) VALUES (11,'Vocabulaire');
INSERT INTO choice_lists (`id`,`name`) VALUES (12,'Compréhension écrite');
INSERT INTO choice_lists (`id`,`name`) VALUES (13,'Fluidité');
INSERT INTO choice_lists (`id`,`name`) VALUES (30,'Posture');
INSERT INTO choice_lists (`id`,`name`) VALUES (31,'Concentration');
INSERT INTO choice_lists (`id`,`name`) VALUES (32,'Relation');
INSERT INTO choice_lists (`id`,`name`) VALUES (33,'Persévérance');
INSERT INTO choice_lists (`id`,`name`) VALUES (34,'Motricité');
INSERT INTO choice_lists (`id`,`name`) VALUES (40,'Consigne');
INSERT INTO choice_lists (`id`,`name`) VALUES (41,'Dispersion');
INSERT INTO choice_lists (`id`,`name`) VALUES (42,'Endurance');
INSERT INTO choice_lists (`id`,`name`) VALUES (43,'Expression');
INSERT INTO choice_lists (`id`,`name`) VALUES (50,'Oui');
INSERT INTO choice_lists (`id`,`name`) VALUES (51,'Transport');
INSERT INTO choice_lists (`id`,`name`) VALUES (52,'En cours');
INSERT INTO choice_lists (`id`,`name`) VALUES (53,'Échanges');
INSERT INTO choice_lists (`id`,`name`) VALUES (54,'Sommeil');
INSERT INTO choices (`list`,`rank`,`label`) VALUES (0,0,'(saisie non effectuée)');
INSERT INTO choices (`list`,`rank`,`label`) VALUES (0,-1,'Pas d\'information');
INSERT INTO choices (`list`,`rank`,`label`) VALUES (0,-2,'Sans objet');
INSERT INTO choices (`list`,`rank`,`label`) VALUES (1,1,'Toujours');
INSERT INTO choices (`list`,`rank`,`label`) VALUES (1,2,'Le plus souvent');
INSERT INTO choices (`list`,`rank`,`label`) VALUES (1,3,'Rarement');
INSERT INTO choices (`list`,`rank`,`label`) VALUES (1,4,'Jamais');
INSERT INTO choices (`list`,`rank`,`label`) VALUES (2,1,'Jamais');
INSERT INTO choices (`list`,`rank`,`label`) VALUES (2,2,'Parfois');
INSERT INTO choices (`list`,`rank`,`label`) VALUES (2,3,'Le plus souvent');
INSERT INTO choices (`list`,`rank`,`label`) VALUES (2,4,'Continuellement');
INSERT INTO choices (`list`,`rank`,`label`) VALUES (3,1,'Totale');
INSERT INTO choices (`list`,`rank`,`label`) VALUES (3,2,'Partielle');
INSERT INTO choices (`list`,`rank`,`label`) VALUES (3,3,'Aléatoire');
INSERT INTO choices (`list`,`rank`,`label`) VALUES (3,4,'Absente');
INSERT INTO choices (`list`,`rank`,`label`) VALUES (4,1,'Réalisé·e sans difficulté et seul');
INSERT INTO choices (`list`,`rank`,`label`) VALUES (4,2,'Réalisé·e avec des difficultés ponctuelles et/ou une aide ponctuelle');
INSERT INTO choices (`list`,`rank`,`label`) VALUES (4,3,'Réalisé·e avec des difficultés régulières et/ou une aide régulière');
INSERT INTO choices (`list`,`rank`,`label`) VALUES (4,4,'Non réalisé·e');
INSERT INTO choices (`list`,`rank`,`label`) VALUES (5,1,'Oui, seul');
INSERT INTO choices (`list`,`rank`,`label`) VALUES (5,2,'Oui, avec de l\'aide');
INSERT INTO choices (`list`,`rank`,`label`) VALUES (5,3,'Non');
INSERT INTO choices (`list`,`rank`,`label`) VALUES (10,1,'Toujours et sans reformulation');
INSERT INTO choices (`list`,`rank`,`label`) VALUES (10,2,'Le plus souvent et sans reformulation');
INSERT INTO choices (`list`,`rank`,`label`) VALUES (10,3,'Rarement sans reformulation');
INSERT INTO choices (`list`,`rank`,`label`) VALUES (10,4,'Jamais');
INSERT INTO choices (`list`,`rank`,`label`) VALUES (11,1,'Vocabulaire précis et étendu');
INSERT INTO choices (`list`,`rank`,`label`) VALUES (11,2,'Vocabulaire adapté');
INSERT INTO choices (`list`,`rank`,`label`) VALUES (11,3,'Vocabulaire restreint');
INSERT INTO choices (`list`,`rank`,`label`) VALUES (11,4,'Vocabulaire peu ou pas adapté');
INSERT INTO choices (`list`,`rank`,`label`) VALUES (12,1,'Toujours et sans reformulation / relecture');
INSERT INTO choices (`list`,`rank`,`label`) VALUES (12,2,'Le plus souvent et sans reformulation / relecture');
INSERT INTO choices (`list`,`rank`,`label`) VALUES (12,3,'Rarement sans reformulation / sans relecture');
INSERT INTO choices (`list`,`rank`,`label`) VALUES (12,4,'Jamais');
INSERT INTO choices (`list`,`rank`,`label`) VALUES (13,1,'Fluide');
INSERT INTO choices (`list`,`rank`,`label`) VALUES (13,2,'Lente');
INSERT INTO choices (`list`,`rank`,`label`) VALUES (13,3,'Hésitante');
INSERT INTO choices (`list`,`rank`,`label`) VALUES (13,4,'Très laborieuse');
INSERT INTO choices (`list`,`rank`,`label`) VALUES (30,1,'Très stable');
INSERT INTO choices (`list`,`rank`,`label`) VALUES (30,2,'Stable le plus souvent');
INSERT INTO choices (`list`,`rank`,`label`) VALUES (30,3,'Difficultés pour rester immobile pendant de longs moments');
INSERT INTO choices (`list`,`rank`,`label`) VALUES (30,4,'Ne parvient pas à rester assis');
INSERT INTO choices (`list`,`rank`,`label`) VALUES (31,1,'Sur la durée (1h)');
INSERT INTO choices (`list`,`rank`,`label`) VALUES (31,2,'Uniquement sur les tâches qui le motivent');
INSERT INTO choices (`list`,`rank`,`label`) VALUES (31,3,'Sur une durée limitée (?30mn)');
INSERT INTO choices (`list`,`rank`,`label`) VALUES (31,4,'Jamais');
INSERT INTO choices (`list`,`rank`,`label`) VALUES (32,1,'Attitude adaptée');
INSERT INTO choices (`list`,`rank`,`label`) VALUES (32,2,'Dans la fuite (inhibition)');
INSERT INTO choices (`list`,`rank`,`label`) VALUES (32,3,'Dans l\'opposition');
INSERT INTO choices (`list`,`rank`,`label`) VALUES (32,4,'Très dépendant / accaparant');
INSERT INTO choices (`list`,`rank`,`label`) VALUES (33,1,'Recommence volontiers');
INSERT INTO choices (`list`,`rank`,`label`) VALUES (33,2,'Doit être encouragé');
INSERT INTO choices (`list`,`rank`,`label`) VALUES (33,3,'Panique');
INSERT INTO choices (`list`,`rank`,`label`) VALUES (33,4,'Se bloque');
INSERT INTO choices (`list`,`rank`,`label`) VALUES (34,1,'Très adroit');
INSERT INTO choices (`list`,`rank`,`label`) VALUES (34,2,'Adroit');
INSERT INTO choices (`list`,`rank`,`label`) VALUES (34,3,'Gestes généralement adaptés');
INSERT INTO choices (`list`,`rank`,`label`) VALUES (34,4,'Maladroit');
INSERT INTO choices (`list`,`rank`,`label`) VALUES (40,1,'Dans le respect de la consigne');
INSERT INTO choices (`list`,`rank`,`label`) VALUES (40,2,'Dans le respect partiel de la consigne');
INSERT INTO choices (`list`,`rank`,`label`) VALUES (40,3,'Sans tenir compte de la consigne');
INSERT INTO choices (`list`,`rank`,`label`) VALUES (40,4,'Reste inactif');
INSERT INTO choices (`list`,`rank`,`label`) VALUES (41,1,'Jamais');
INSERT INTO choices (`list`,`rank`,`label`) VALUES (41,2,'Rarement');
INSERT INTO choices (`list`,`rank`,`label`) VALUES (41,3,'Le plus souvent');
INSERT INTO choices (`list`,`rank`,`label`) VALUES (41,4,'Toujours');
INSERT INTO choices (`list`,`rank`,`label`) VALUES (42,1,'Oui');
INSERT INTO choices (`list`,`rank`,`label`) VALUES (42,2,'Oui, mais avec des temps de pause');
INSERT INTO choices (`list`,`rank`,`label`) VALUES (42,3,'Non');
INSERT INTO choices (`list`,`rank`,`label`) VALUES (43,1,'De façon adaptée');
INSERT INTO choices (`list`,`rank`,`label`) VALUES (43,2,'De façon inhibée');
INSERT INTO choices (`list`,`rank`,`label`) VALUES (43,3,'De façon explosive ou impulsive');
INSERT INTO choices (`list`,`rank`,`label`) VALUES (50,1,'Oui');
INSERT INTO choices (`list`,`rank`,`label`) VALUES (50,2,'Non');
INSERT INTO choices (`list`,`rank`,`label`) VALUES (51,1,'Bus');
INSERT INTO choices (`list`,`rank`,`label`) VALUES (51,2,'Train');
INSERT INTO choices (`list`,`rank`,`label`) VALUES (51,3,'A pied');
INSERT INTO choices (`list`,`rank`,`label`) VALUES (51,4,'Vélo');
INSERT INTO choices (`list`,`rank`,`label`) VALUES (51,5,'Cyclomoteur');
INSERT INTO choices (`list`,`rank`,`label`) VALUES (51,6,'Voiture');
INSERT INTO choices (`list`,`rank`,`label`) VALUES (51,7,'Autre (préciser)');
INSERT INTO choices (`list`,`rank`,`label`) VALUES (52,1,'Oui');
INSERT INTO choices (`list`,`rank`,`label`) VALUES (52,2,'En cours');
INSERT INTO choices (`list`,`rank`,`label`) VALUES (52,3,'Non');
INSERT INTO choices (`list`,`rank`,`label`) VALUES (53,1,'Facilement');
INSERT INTO choices (`list`,`rank`,`label`) VALUES (53,2,'Timidement');
INSERT INTO choices (`list`,`rank`,`label`) VALUES (53,3,'Jamais');
INSERT INTO choices (`list`,`rank`,`label`) VALUES (54,1,'Bonne');
INSERT INTO choices (`list`,`rank`,`label`) VALUES (54,2,'Perturbée');
INSERT INTO choices (`list`,`rank`,`label`) VALUES (54,3,'Mauvaise');
--
-- Defs for sections, questions and adapts
--
INSERT INTO sections (`id`,`rank`,`title`,`details`,`bgcolor`,`fgcolor`) VALUES (1,1,'Critères d\'évaluation des compétences langagières','','faab12','ffffff');
INSERT INTO sections (`id`,`parent`,`rank`,`title`,`details`,`bgcolor`,`fgcolor`) VALUES (2,1,1,'Habiletés <b>orales</b> expressives et réceptives','','4596ad','ffffff');
INSERT INTO sections (`id`,`parent`,`rank`,`title`,`details`,`bgcolor`,`fgcolor`) VALUES (3,2,1,'Compréhension du sens global du texte entendu','','ffffff','000000');
INSERT INTO sections (`id`,`parent`,`rank`,`title`,`details`,`bgcolor`,`fgcolor`) VALUES (4,2,2,'Mémoire de travail (identification et mémorisation des éléments importants)','','ffffff','000000');
INSERT INTO sections (`id`,`parent`,`rank`,`title`,`details`,`bgcolor`,`fgcolor`) VALUES (5,2,3,'Compréhension des consignes orales','','ffffff','000000');
INSERT INTO sections (`id`,`parent`,`rank`,`title`,`details`,`bgcolor`,`fgcolor`) VALUES (6,2,4,'Vocabulaire oral (compréhension)','','ffffff','000000');
INSERT INTO sections (`id`,`parent`,`rank`,`title`,`details`,`bgcolor`,`fgcolor`) VALUES (7,2,5,'Attention / écoute / observation (communication orale)','','ffffff','000000');
INSERT INTO sections (`id`,`parent`,`rank`,`title`,`details`,`bgcolor`,`fgcolor`) VALUES (8,2,6,'Phonologie','','ffffff','000000');
INSERT INTO sections (`id`,`parent`,`rank`,`title`,`details`,`bgcolor`,`fgcolor`) VALUES (9,2,7,'Vocabulaire (approprié et précis)','','ffffff','000000');
INSERT INTO sections (`id`,`parent`,`rank`,`title`,`details`,`bgcolor`,`fgcolor`) VALUES (10,2,8,'Codes de communication','','ffffff','000000');
INSERT INTO sections (`id`,`parent`,`rank`,`title`,`details`,`bgcolor`,`fgcolor`) VALUES (11,2,9,'Qualité expressive (débit, rythme, ton, volume de la voix, communication non-verbale, posture du corps....)','','ffffff','000000');
INSERT INTO sections (`id`,`parent`,`rank`,`title`,`details`,`bgcolor`,`fgcolor`) VALUES (12,2,10,'Structuration de l\'exposé orale','','ffffff','000000');
INSERT INTO sections (`id`,`parent`,`rank`,`title`,`details`,`bgcolor`,`fgcolor`) VALUES (13,2,11,'Argumentation','','ffffff','000000');
INSERT INTO sections (`id`,`parent`,`rank`,`title`,`details`,`bgcolor`,`fgcolor`) VALUES (14,1,2,'Langage <b>écrit</b>','','4596ad','ffffff');
INSERT INTO sections (`id`,`parent`,`rank`,`title`,`details`,`bgcolor`,`fgcolor`) VALUES (15,14,1,'Compréhension du sens global du texte écrit','','ffffff','000000');
INSERT INTO sections (`id`,`parent`,`rank`,`title`,`details`,`bgcolor`,`fgcolor`) VALUES (16,14,2,'Compréhension de l\'implicite','','ffffff','000000');
INSERT INTO sections (`id`,`parent`,`rank`,`title`,`details`,`bgcolor`,`fgcolor`) VALUES (17,14,3,'Mémoire de travail (identification et mémorisation des éléments importants)','','ffffff','000000');
INSERT INTO sections (`id`,`parent`,`rank`,`title`,`details`,`bgcolor`,`fgcolor`) VALUES (18,14,4,'Compréhension des consignes écrites','','ffffff','000000');
INSERT INTO sections (`id`,`parent`,`rank`,`title`,`details`,`bgcolor`,`fgcolor`) VALUES (19,14,5,'Vocabulaire écrit (compréhension)','','ffffff','000000');
INSERT INTO sections (`id`,`parent`,`rank`,`title`,`details`,`bgcolor`,`fgcolor`) VALUES (20,14,6,'Fluidité de lecture (lecture logographique, alphabétique, orthographique)','','ffffff','000000');
INSERT INTO sections (`id`,`parent`,`rank`,`title`,`details`,`bgcolor`,`fgcolor`) VALUES (21,14,7,'Attention / observation (communication écrite)','','ffffff','000000');
INSERT INTO sections (`id`,`parent`,`rank`,`title`,`details`,`bgcolor`,`fgcolor`) VALUES (22,14,8,'Motricité fine et globale, habileté graphomotrice (forme des lettres, fluidité)','','ffffff','000000');
INSERT INTO sections (`id`,`parent`,`rank`,`title`,`details`,`bgcolor`,`fgcolor`) VALUES (23,14,9,'Fluidité d\'écriture : écriture "automatique" / "délibérée"','','ffffff','000000');
INSERT INTO sections (`id`,`parent`,`rank`,`title`,`details`,`bgcolor`,`fgcolor`) VALUES (24,14,10,'Habileté langagière (production écrite)','','ffffff','000000');
INSERT INTO sections (`id`,`parent`,`rank`,`title`,`details`,`bgcolor`,`fgcolor`) VALUES (25,14,11,'Orthographe lexicale et grammaticale (écriture phonétique/alphabétique)','','ffffff','000000');
INSERT INTO sections (`id`,`parent`,`rank`,`title`,`details`,`bgcolor`,`fgcolor`) VALUES (26,14,12,'Attention','','ffffff','000000');
INSERT INTO sections (`id`,`parent`,`rank`,`title`,`details`,`bgcolor`,`fgcolor`) VALUES (27,14,13,'Autocorrection','','ffffff','000000');
INSERT INTO sections (`id`,`rank`,`title`,`details`,`bgcolor`,`fgcolor`) VALUES (28,2,'Critères d\'évaluation des compétences de repérage','','faab12','ffffff');
INSERT INTO sections (`id`,`parent`,`rank`,`title`,`details`,`bgcolor`,`fgcolor`) VALUES (29,28,1,'Compréhension du sens du nombre (grandeurs, relations entre nb et opérations)','','4596ad','ffffff');
INSERT INTO sections (`id`,`parent`,`rank`,`title`,`details`,`bgcolor`,`fgcolor`) VALUES (30,28,2,'Réalisation d\'une séquence d\'opérations sur papier ou mentalement ("automatique" / "délibérée")','','4596ad','ffffff');
INSERT INTO sections (`id`,`parent`,`rank`,`title`,`details`,`bgcolor`,`fgcolor`) VALUES (31,28,3,'Construction d\'une représentation du problème pour mieux l\'appréhender (traitement de l\'information contenue dans le problème, tri des éléments importants, définition du but du problème)','','4596ad','ffffff');
INSERT INTO sections (`id`,`parent`,`rank`,`title`,`details`,`bgcolor`,`fgcolor`) VALUES (32,28,4,'Vérification de la réponse à un problème (avec et sans calculatrice)','','4596ad','ffffff');
INSERT INTO sections (`id`,`parent`,`rank`,`title`,`details`,`bgcolor`,`fgcolor`) VALUES (33,28,5,'Interprétation, représentation et traitement des données (données brutes, tableaux, graphiques)','','4596ad','ffffff');
INSERT INTO sections (`id`,`rank`,`title`,`details`,`bgcolor`,`fgcolor`) VALUES (34,3,'Critères d\'évaluation des fonctions exécutives','Attention/concentration - Mémoire implicite/procédurale - Mémoire explicite/déclarative<br>Fonctions exécutives - Praxie - Motivation','faab12','ffffff');
INSERT INTO sections (`id`,`parent`,`rank`,`title`,`details`,`bgcolor`,`fgcolor`) VALUES (35,34,1,'Erreurs d\'étourderie','','4596ad','ffffff');
INSERT INTO sections (`id`,`parent`,`rank`,`title`,`details`,`bgcolor`,`fgcolor`) VALUES (36,34,2,'Oublis de la consigne','','4596ad','ffffff');
INSERT INTO sections (`id`,`parent`,`rank`,`title`,`details`,`bgcolor`,`fgcolor`) VALUES (37,34,3,'Oublis dans les éléments de réponse','','4596ad','ffffff');
INSERT INTO sections (`id`,`parent`,`rank`,`title`,`details`,`bgcolor`,`fgcolor`) VALUES (38,34,4,'Regard figé ou dévié','','4596ad','ffffff');
INSERT INTO sections (`id`,`parent`,`rank`,`title`,`details`,`bgcolor`,`fgcolor`) VALUES (39,34,5,'Difficulté à entendre quand on lui parle directement','','4596ad','ffffff');
INSERT INTO sections (`id`,`parent`,`rank`,`title`,`details`,`bgcolor`,`fgcolor`) VALUES (40,34,6,'Difficulté à initier l\'effort','','4596ad','ffffff');
INSERT INTO sections (`id`,`parent`,`rank`,`title`,`details`,`bgcolor`,`fgcolor`) VALUES (41,34,7,'Réalise la tâche sans l\'intervention de l\'adulte','','4596ad','ffffff');
INSERT INTO sections (`id`,`parent`,`rank`,`title`,`details`,`bgcolor`,`fgcolor`) VALUES (42,34,8,'Distractibilité','','4596ad','ffffff');
INSERT INTO sections (`id`,`parent`,`rank`,`title`,`details`,`bgcolor`,`fgcolor`) VALUES (43,34,9,'Difficulté à aller au bout de la tâche / à terminer','','4596ad','ffffff');
INSERT INTO sections (`id`,`parent`,`rank`,`title`,`details`,`bgcolor`,`fgcolor`) VALUES (44,34,10,'Préparation du matériel nécessaire à la tâche','','4596ad','ffffff');
INSERT INTO sections (`id`,`parent`,`rank`,`title`,`details`,`bgcolor`,`fgcolor`) VALUES (45,34,11,'Pertes d\'objets','','4596ad','ffffff');
INSERT INTO sections (`id`,`parent`,`rank`,`title`,`details`,`bgcolor`,`fgcolor`) VALUES (46,34,12,'Difficultés à s\'organiser dans le travail, à travailler par étape','','4596ad','ffffff');
INSERT INTO sections (`id`,`parent`,`rank`,`title`,`details`,`bgcolor`,`fgcolor`) VALUES (47,34,13,'Difficulté à agir en routine','','4596ad','ffffff');
INSERT INTO sections (`id`,`parent`,`rank`,`title`,`details`,`bgcolor`,`fgcolor`) VALUES (48,34,14,'Mobilise ses connaissances','','4596ad','ffffff');
INSERT INTO sections (`id`,`parent`,`rank`,`title`,`details`,`bgcolor`,`fgcolor`) VALUES (49,34,15,'Répond avant la fin de la question','','4596ad','ffffff');
INSERT INTO sections (`id`,`parent`,`rank`,`title`,`details`,`bgcolor`,`fgcolor`) VALUES (50,34,16,'Parle et agit avant de réfléchir','','4596ad','ffffff');
INSERT INTO sections (`id`,`parent`,`rank`,`title`,`details`,`bgcolor`,`fgcolor`) VALUES (51,34,17,'Coupe la parole','','4596ad','ffffff');
INSERT INTO sections (`id`,`parent`,`rank`,`title`,`details`,`bgcolor`,`fgcolor`) VALUES (52,34,18,'Difficulté à attendre, à différer','','4596ad','ffffff');
INSERT INTO sections (`id`,`parent`,`rank`,`title`,`details`,`bgcolor`,`fgcolor`) VALUES (53,34,19,'Difficulté à rester assis (se lève)','','4596ad','ffffff');
INSERT INTO sections (`id`,`parent`,`rank`,`title`,`details`,`bgcolor`,`fgcolor`) VALUES (54,34,20,'Difficulté à tenir en place (se tortille)','','4596ad','ffffff');
INSERT INTO sections (`id`,`parent`,`rank`,`title`,`details`,`bgcolor`,`fgcolor`) VALUES (55,34,21,'Logorrhée','','4596ad','ffffff');
INSERT INTO sections (`id`,`parent`,`rank`,`title`,`details`,`bgcolor`,`fgcolor`) VALUES (56,34,22,'Fatigabilité / signe de passivité','','4596ad','ffffff');
INSERT INTO sections (`id`,`parent`,`rank`,`title`,`details`,`bgcolor`,`fgcolor`) VALUES (57,34,23,'Se désengage, se décourage en cours de tâche','','4596ad','ffffff');
INSERT INTO sections (`id`,`parent`,`rank`,`title`,`details`,`bgcolor`,`fgcolor`) VALUES (58,34,24,'Difficulté à changer de point de vue','','4596ad','ffffff');
INSERT INTO sections (`id`,`parent`,`rank`,`title`,`details`,`bgcolor`,`fgcolor`) VALUES (59,34,25,'Effectue la tâche avec lenteur','','4596ad','ffffff');
INSERT INTO sections (`id`,`parent`,`rank`,`title`,`details`,`bgcolor`,`fgcolor`) VALUES (60,34,26,'Difficulté à faire 2 choses en même temps (écouter et prendre des notes)','','4596ad','ffffff');
INSERT INTO sections (`id`,`parent`,`rank`,`title`,`details`,`bgcolor`,`fgcolor`) VALUES (61,34,27,'Demande d\'aide quand non compréhension','','4596ad','ffffff');
INSERT INTO sections (`id`,`parent`,`rank`,`title`,`details`,`bgcolor`,`fgcolor`) VALUES (62,34,28,'Interaction sociale','','4596ad','ffffff');
INSERT INTO sections (`id`,`parent`,`rank`,`title`,`details`,`bgcolor`,`fgcolor`) VALUES (63,34,29,'Accepte l\'aide des autres','','4596ad','ffffff');
INSERT INTO sections (`id`,`parent`,`rank`,`title`,`details`,`bgcolor`,`fgcolor`) VALUES (64,34,30,'Accepte les remarques de l\'adulte','','4596ad','ffffff');
INSERT INTO sections (`id`,`parent`,`rank`,`title`,`details`,`bgcolor`,`fgcolor`) VALUES (65,34,31,'Acceptation de l\'erreur','','4596ad','ffffff');
INSERT INTO sections (`id`,`parent`,`rank`,`title`,`details`,`bgcolor`,`fgcolor`) VALUES (66,34,32,'Respect des règles','','4596ad','ffffff');
INSERT INTO sections (`id`,`parent`,`rank`,`title`,`details`,`bgcolor`,`fgcolor`) VALUES (67,34,33,'Autoévaluation de son travail','','4596ad','ffffff');
INSERT INTO sections (`id`,`parent`,`rank`,`title`,`details`,`bgcolor`,`fgcolor`) VALUES (68,34,34,'Repérage dans le temps','','4596ad','ffffff');
INSERT INTO sections (`id`,`parent`,`rank`,`title`,`details`,`bgcolor`,`fgcolor`) VALUES (69,34,35,'Repérage dans l\'espace','','4596ad','ffffff');
INSERT INTO sections (`id`,`parent`,`rank`,`title`,`details`,`bgcolor`,`fgcolor`) VALUES (70,34,36,'Motricité fine dans la manipulation des outils','','4596ad','ffffff');
INSERT INTO sections (`id`,`rank`,`title`,`details`,`bgcolor`,`fgcolor`) VALUES (71,4,'Critères d\'évaluation des habiletés professionnelles','','faab12','ffffff');
INSERT INTO sections (`id`,`parent`,`rank`,`title`,`details`,`bgcolor`,`fgcolor`) VALUES (72,71,1,'Réalisation de la tâche','','4596ad','ffffff');
INSERT INTO sections (`id`,`parent`,`rank`,`title`,`details`,`bgcolor`,`fgcolor`) VALUES (73,72,1,'Respect d\'une consigne simple de travail','','ffffff','000000');
INSERT INTO sections (`id`,`parent`,`rank`,`title`,`details`,`bgcolor`,`fgcolor`) VALUES (74,72,2,'Respect d\'une consigne complexe de travail','','ffffff','000000');
INSERT INTO sections (`id`,`parent`,`rank`,`title`,`details`,`bgcolor`,`fgcolor`) VALUES (75,72,3,'Connaissance des méthodes de réalisation de la tâche','','ffffff','000000');
INSERT INTO sections (`id`,`parent`,`rank`,`title`,`details`,`bgcolor`,`fgcolor`) VALUES (76,72,4,'Connaissance du vocabulaire technique','','ffffff','000000');
INSERT INTO sections (`id`,`parent`,`rank`,`title`,`details`,`bgcolor`,`fgcolor`) VALUES (77,72,5,'Calcul','','ffffff','000000');
INSERT INTO sections (`id`,`parent`,`rank`,`title`,`details`,`bgcolor`,`fgcolor`) VALUES (78,72,6,'Ecriture','','ffffff','000000');
INSERT INTO sections (`id`,`parent`,`rank`,`title`,`details`,`bgcolor`,`fgcolor`) VALUES (79,72,7,'Automatismes','','ffffff','000000');
INSERT INTO sections (`id`,`parent`,`rank`,`title`,`details`,`bgcolor`,`fgcolor`) VALUES (80,72,8,'Organisation du poste de travail','','ffffff','000000');
INSERT INTO sections (`id`,`parent`,`rank`,`title`,`details`,`bgcolor`,`fgcolor`) VALUES (81,72,9,'Vérification','','ffffff','000000');
INSERT INTO sections (`id`,`parent`,`rank`,`title`,`details`,`bgcolor`,`fgcolor`) VALUES (82,72,10,'Autonomie','','ffffff','000000');
INSERT INTO sections (`id`,`parent`,`rank`,`title`,`details`,`bgcolor`,`fgcolor`) VALUES (83,72,11,'Geste / dextérité','','ffffff','000000');
INSERT INTO sections (`id`,`parent`,`rank`,`title`,`details`,`bgcolor`,`fgcolor`) VALUES (84,72,12,'Vitesse d\'exécution de la tâche','','ffffff','000000');
INSERT INTO sections (`id`,`parent`,`rank`,`title`,`details`,`bgcolor`,`fgcolor`) VALUES (85,72,13,'Communication','','ffffff','000000');
INSERT INTO sections (`id`,`parent`,`rank`,`title`,`details`,`bgcolor`,`fgcolor`) VALUES (86,72,14,'Sécurité','','ffffff','000000');
INSERT INTO sections (`id`,`parent`,`rank`,`title`,`details`,`bgcolor`,`fgcolor`) VALUES (87,71,2,'Environnement de travail','','4596ad','ffffff');
INSERT INTO sections (`id`,`parent`,`rank`,`title`,`details`,`bgcolor`,`fgcolor`) VALUES (88,87,1,'Ponctualité','','ffffff','000000');
INSERT INTO sections (`id`,`parent`,`rank`,`title`,`details`,`bgcolor`,`fgcolor`) VALUES (89,87,2,'Travail en équipe','','ffffff','000000');
INSERT INTO sections (`id`,`parent`,`rank`,`title`,`details`,`bgcolor`,`fgcolor`) VALUES (90,87,3,'Confiance en soi','','ffffff','000000');
INSERT INTO sections (`id`,`parent`,`rank`,`title`,`details`,`bgcolor`,`fgcolor`) VALUES (91,87,4,'Attention','','ffffff','000000');
INSERT INTO sections (`id`,`parent`,`rank`,`title`,`details`,`bgcolor`,`fgcolor`) VALUES (92,87,5,'Endurance / persévérance','','ffffff','000000');
INSERT INTO sections (`id`,`parent`,`rank`,`title`,`details`,`bgcolor`,`fgcolor`) VALUES (93,87,6,'Gestion des émotions','','ffffff','000000');
INSERT INTO sections (`id`,`rank`,`title`,`details`,`bgcolor`,`fgcolor`) VALUES (94,5,'Critères d\'évaluation des besoins périphériques à la formation','','faab12','ffffff');
INSERT INTO sections (`id`,`parent`,`rank`,`title`,`details`,`bgcolor`,`fgcolor`) VALUES (95,94,1,'Logement','','4596ad','ffffff');
INSERT INTO sections (`id`,`parent`,`rank`,`title`,`details`,`bgcolor`,`fgcolor`) VALUES (96,94,2,'Famille','','4596ad','ffffff');
INSERT INTO sections (`id`,`parent`,`rank`,`title`,`details`,`bgcolor`,`fgcolor`) VALUES (97,94,3,'Mobilité, déplacements','','4596ad','ffffff');
INSERT INTO sections (`id`,`parent`,`rank`,`title`,`details`,`bgcolor`,`fgcolor`) VALUES (98,94,4,'Vie quotidienne','','4596ad','ffffff');
INSERT INTO sections (`id`,`parent`,`rank`,`title`,`details`,`bgcolor`,`fgcolor`) VALUES (99,94,5,'Gestion du temps','','4596ad','ffffff');
INSERT INTO sections (`id`,`parent`,`rank`,`title`,`details`,`bgcolor`,`fgcolor`) VALUES (100,94,6,'Budget','','4596ad','ffffff');
INSERT INTO sections (`id`,`parent`,`rank`,`title`,`details`,`bgcolor`,`fgcolor`) VALUES (101,94,7,'Loisirs et vie sociale','','4596ad','ffffff');
INSERT INTO sections (`id`,`parent`,`rank`,`title`,`details`,`bgcolor`,`fgcolor`) VALUES (102,94,8,'Vécu du handicap','','4596ad','ffffff');
INSERT INTO sections (`id`,`parent`,`rank`,`title`,`details`,`bgcolor`,`fgcolor`) VALUES (103,94,9,'Santé','','4596ad','ffffff');
INSERT INTO sections (`id`,`parent`,`rank`,`title`,`details`,`bgcolor`,`fgcolor`) VALUES (104,94,10,'Accès aux droits','','4596ad','ffffff');
INSERT INTO questions (`id`,`section`,`rank`,`label`,`choice_list`,`text`,`bgcolor`,`fgcolor`) VALUES (1,3,0,'Identifie les idées principales, hiérarchise les informations',1,0,'ffffff','38761d');
INSERT INTO questions (`id`,`section`,`rank`,`label`,`choice_list`,`text`,`bgcolor`,`fgcolor`) VALUES (2,4,0,'Se souvient des éléments (texte entendu, consigne orale) permettant d\'exécuter la tâche',1,0,'ffffff','38761d');
INSERT INTO questions (`id`,`section`,`rank`,`label`,`choice_list`,`text`,`bgcolor`,`fgcolor`) VALUES (3,5,0,'Exécute la tâche comme demandé après écoute de la consigne',10,0,'ffffff','38761d');
INSERT INTO questions (`id`,`section`,`rank`,`label`,`choice_list`,`text`,`bgcolor`,`fgcolor`) VALUES (4,6,0,'Connaissance - compréhension du vocabulaire oral',3,0,'ffffff','38761d');
INSERT INTO questions (`id`,`section`,`rank`,`label`,`choice_list`,`text`,`bgcolor`,`fgcolor`) VALUES (5,7,0,'Est dans une écoute attentive (signe verbaux et non-verbaux)',1,0,'ffffff','38761d');
INSERT INTO questions (`id`,`section`,`rank`,`label`,`choice_list`,`text`,`bgcolor`,`fgcolor`) VALUES (6,8,0,'Fluidité de l\'articulation et de la prononciation',1,0,'ffffff','38761d');
INSERT INTO questions (`id`,`section`,`rank`,`label`,`choice_list`,`text`,`bgcolor`,`fgcolor`) VALUES (7,9,0,'Connaissance - utilisation du vocabulaire',11,0,'ffffff','38761d');
INSERT INTO questions (`id`,`section`,`rank`,`label`,`choice_list`,`text`,`bgcolor`,`fgcolor`) VALUES (8,10,0,'interagit dans le respect des codes de la conversation/usages/politesse',1,0,'ffffff','38761d');
INSERT INTO questions (`id`,`section`,`rank`,`label`,`choice_list`,`text`,`bgcolor`,`fgcolor`) VALUES (9,11,0,'Produit une intervention orale continue, perçoit et exploite la voix, la respiration, le regard, la gestuelle)',1,0,'ffffff','38761d');
INSERT INTO questions (`id`,`section`,`rank`,`label`,`choice_list`,`text`,`bgcolor`,`fgcolor`) VALUES (10,12,0,'Respect d\'un plan simple, présentation respectant la logique de la consigne',1,0,'ffffff','38761d');
INSERT INTO questions (`id`,`section`,`rank`,`label`,`choice_list`,`text`,`bgcolor`,`fgcolor`) VALUES (11,13,0,'Justifie son point de vue, interagit avec l\'interlocuteur de manière constructive, utilise des arguments pertinents dans le contexte de l\'échange',1,0,'ffffff','38761d');
INSERT INTO questions (`id`,`section`,`rank`,`label`,`choice_list`,`text`,`bgcolor`,`fgcolor`) VALUES (12,15,0,'Identifie les idées principales, hiérarchise les informations',1,0,'ffffff','38761d');
INSERT INTO questions (`id`,`section`,`rank`,`label`,`choice_list`,`text`,`bgcolor`,`fgcolor`) VALUES (13,16,0,'Fait des liens entre des éléments du texte ou avec ses propres connaissances pour créer de l\'information',1,0,'ffffff','38761d');
INSERT INTO questions (`id`,`section`,`rank`,`label`,`choice_list`,`text`,`bgcolor`,`fgcolor`) VALUES (14,17,0,'Se souvient des éléments (texte support, consignes) permettant d\'exécuter la tâche',1,0,'ffffff','38761d');
INSERT INTO questions (`id`,`section`,`rank`,`label`,`choice_list`,`text`,`bgcolor`,`fgcolor`) VALUES (15,18,0,'Exécute la tâche comme demandé après lecture de la consigne',12,0,'ffffff','38761d');
INSERT INTO questions (`id`,`section`,`rank`,`label`,`choice_list`,`text`,`bgcolor`,`fgcolor`) VALUES (16,19,0,'Connaissance - compréhension du vocabulaire écrit',3,0,'ffffff','38761d');
INSERT INTO questions (`id`,`section`,`rank`,`label`,`choice_list`,`text`,`bgcolor`,`fgcolor`) VALUES (17,20,0,'',13,0,'ffffff','38761d');
INSERT INTO questions (`id`,`section`,`rank`,`label`,`choice_list`,`text`,`bgcolor`,`fgcolor`) VALUES (18,21,0,'Est dans une lecture attentive (signe verbaux et non-verbaux)',1,0,'ffffff','38761d');
INSERT INTO questions (`id`,`section`,`rank`,`label`,`choice_list`,`text`,`bgcolor`,`fgcolor`) VALUES (19,22,0,'Lisibilité des productions',3,0,'ffffff','38761d');
INSERT INTO questions (`id`,`section`,`rank`,`label`,`choice_list`,`text`,`bgcolor`,`fgcolor`) VALUES (20,23,0,'',13,0,'ffffff','38761d');
INSERT INTO questions (`id`,`section`,`rank`,`label`,`choice_list`,`text`,`bgcolor`,`fgcolor`) VALUES (21,24,0,'Restitution de ses connaissances et idées, organisation du propos, organisation syntaxique, utilisation de connecteurs, utilisation pertinente des temps',4,0,'ffffff','38761d');
INSERT INTO questions (`id`,`section`,`rank`,`label`,`choice_list`,`text`,`bgcolor`,`fgcolor`) VALUES (22,25,1,'Les mots invariables et courants sont bien orthographiés',1,0,'ffffff','38761d');
INSERT INTO questions (`id`,`section`,`rank`,`label`,`choice_list`,`text`,`bgcolor`,`fgcolor`) VALUES (23,25,2,'Les accords S-V sont respectés',1,0,'ffffff','38761d');
INSERT INTO questions (`id`,`section`,`rank`,`label`,`choice_list`,`text`,`bgcolor`,`fgcolor`) VALUES (24,26,0,'Focalisation sur la tâche d\'écriture',3,0,'ffffff','38761d');
INSERT INTO questions (`id`,`section`,`rank`,`label`,`choice_list`,`text`,`bgcolor`,`fgcolor`) VALUES (25,27,0,'Améliore ses productions',4,0,'ffffff','38761d');
INSERT INTO questions (`id`,`section`,`rank`,`label`,`choice_list`,`text`,`bgcolor`,`fgcolor`) VALUES (26,29,1,'Lit et écrit les nombres',4,0,'ffffff','38761d');
INSERT INTO questions (`id`,`section`,`rank`,`label`,`choice_list`,`text`,`bgcolor`,`fgcolor`) VALUES (27,29,2,'Dénombre, classe, compare',1,0,'ffffff','38761d');
INSERT INTO questions (`id`,`section`,`rank`,`label`,`choice_list`,`text`,`bgcolor`,`fgcolor`) VALUES (28,29,3,'Comprend la signification des 4 opérations',1,0,'ffffff','38761d');
INSERT INTO questions (`id`,`section`,`rank`,`label`,`choice_list`,`text`,`bgcolor`,`fgcolor`) VALUES (29,30,1,'Réalise un calcul mental pour obtenir un résultat (4 opérations)',4,0,'ffffff','38761d');
INSERT INTO questions (`id`,`section`,`rank`,`label`,`choice_list`,`text`,`bgcolor`,`fgcolor`) VALUES (30,30,2,'Réalise un calcul posé pour obtenir un résultat (4 opérations)',4,0,'ffffff','38761d');
INSERT INTO questions (`id`,`section`,`rank`,`label`,`choice_list`,`text`,`bgcolor`,`fgcolor`) VALUES (31,30,3,'Peut utiliser une calculatrice pour effectuer ou vérifier un résultat',4,0,'ffffff','38761d');
INSERT INTO questions (`id`,`section`,`rank`,`label`,`choice_list`,`text`,`bgcolor`,`fgcolor`) VALUES (32,31,1,'Lit, reformule et visualise le problème et propose un plan de résolution',4,0,'ffffff','38761d');
INSERT INTO questions (`id`,`section`,`rank`,`label`,`choice_list`,`text`,`bgcolor`,`fgcolor`) VALUES (33,31,2,'Recherche la finalité, détermine ce que le problème demande de trouver',4,0,'ffffff','38761d');
INSERT INTO questions (`id`,`section`,`rank`,`label`,`choice_list`,`text`,`bgcolor`,`fgcolor`) VALUES (34,31,3,'Porte attention aux éléments du problème',1,0,'ffffff','38761d');
INSERT INTO questions (`id`,`section`,`rank`,`label`,`choice_list`,`text`,`bgcolor`,`fgcolor`) VALUES (35,31,4,'Choisit les opérations nécessaires à la résolution du problème',4,0,'ffffff','38761d');
INSERT INTO questions (`id`,`section`,`rank`,`label`,`choice_list`,`text`,`bgcolor`,`fgcolor`) VALUES (36,32,0,'Contrôle la vraisemblance d\'un résultat en estimant des ordres de grandeurs ou en utilisant des encadrements',4,0,'ffffff','38761d');
INSERT INTO questions (`id`,`section`,`rank`,`label`,`choice_list`,`text`,`bgcolor`,`fgcolor`) VALUES (37,33,1,'Réalise des mesures (longueurs, durée...) en utilisant différentes unités',4,0,'ffffff','38761d');
INSERT INTO questions (`id`,`section`,`rank`,`label`,`choice_list`,`text`,`bgcolor`,`fgcolor`) VALUES (38,33,2,'Calcul des valeurs (volumes, vitesse ...) en utilisant différentes unités',4,0,'ffffff','38761d');
INSERT INTO questions (`id`,`section`,`rank`,`label`,`choice_list`,`text`,`bgcolor`,`fgcolor`) VALUES (39,33,3,'Réalise des conversions',4,0,'ffffff','38761d');
INSERT INTO questions (`id`,`section`,`rank`,`label`,`choice_list`,`text`,`bgcolor`,`fgcolor`) VALUES (40,33,4,'Reconnaît des situations de proportionnalités, utilise des pourcentages, des tableaux, des graphiques',4,0,'ffffff','38761d');
INSERT INTO questions (`id`,`section`,`rank`,`label`,`choice_list`,`text`,`bgcolor`,`fgcolor`) VALUES (41,33,5,'Reconnaît les figures géométriques et leurs propriétés',1,0,'ffffff','38761d');
INSERT INTO questions (`id`,`section`,`rank`,`label`,`choice_list`,`text`,`bgcolor`,`fgcolor`) VALUES (42,33,6,'Résout des problèmes de géométrie (utilisation des formules)',4,0,'ffffff','38761d');
INSERT INTO questions (`id`,`section`,`rank`,`label`,`choice_list`,`text`,`bgcolor`,`fgcolor`) VALUES (43,33,7,'Manipule les outils pour tracer des figures géométriques',4,0,'ffffff','38761d');
INSERT INTO questions (`id`,`section`,`rank`,`label`,`choice_list`,`text`,`bgcolor`,`fgcolor`) VALUES (44,35,0,'',2,0,'ffffff','38761d');
INSERT INTO questions (`id`,`section`,`rank`,`label`,`choice_list`,`text`,`bgcolor`,`fgcolor`) VALUES (45,36,0,'',2,0,'ffffff','38761d');
INSERT INTO questions (`id`,`section`,`rank`,`label`,`choice_list`,`text`,`bgcolor`,`fgcolor`) VALUES (46,37,0,'',2,0,'ffffff','38761d');
INSERT INTO questions (`id`,`section`,`rank`,`label`,`choice_list`,`text`,`bgcolor`,`fgcolor`) VALUES (47,38,0,'',2,0,'ffffff','38761d');
INSERT INTO questions (`id`,`section`,`rank`,`label`,`choice_list`,`text`,`bgcolor`,`fgcolor`) VALUES (48,39,0,'',2,0,'ffffff','38761d');
INSERT INTO questions (`id`,`section`,`rank`,`label`,`choice_list`,`text`,`bgcolor`,`fgcolor`) VALUES (49,40,0,'Entre dans l\'activité difficilement',2,0,'ffffff','38761d');
INSERT INTO questions (`id`,`section`,`rank`,`label`,`choice_list`,`text`,`bgcolor`,`fgcolor`) VALUES (50,41,0,'Prise d\'initiative adaptée, autonomie',1,0,'ffffff','38761d');
INSERT INTO questions (`id`,`section`,`rank`,`label`,`choice_list`,`text`,`bgcolor`,`fgcolor`) VALUES (51,42,0,'Est sensible aux distracteurs internes et externes',2,0,'ffffff','38761d');
INSERT INTO questions (`id`,`section`,`rank`,`label`,`choice_list`,`text`,`bgcolor`,`fgcolor`) VALUES (52,43,0,'',2,0,'ffffff','38761d');
INSERT INTO questions (`id`,`section`,`rank`,`label`,`choice_list`,`text`,`bgcolor`,`fgcolor`) VALUES (53,44,0,'',1,0,'ffffff','38761d');
INSERT INTO questions (`id`,`section`,`rank`,`label`,`choice_list`,`text`,`bgcolor`,`fgcolor`) VALUES (54,45,0,'',2,0,'ffffff','38761d');
INSERT INTO questions (`id`,`section`,`rank`,`label`,`choice_list`,`text`,`bgcolor`,`fgcolor`) VALUES (55,46,0,'',2,0,'ffffff','38761d');
INSERT INTO questions (`id`,`section`,`rank`,`label`,`choice_list`,`text`,`bgcolor`,`fgcolor`) VALUES (56,47,0,'',2,0,'ffffff','38761d');
INSERT INTO questions (`id`,`section`,`rank`,`label`,`choice_list`,`text`,`bgcolor`,`fgcolor`) VALUES (57,48,0,'Mobilise les connaissances acquises (savoirs/procédures) au service de la tâche à réaliser',1,0,'ffffff','38761d');
INSERT INTO questions (`id`,`section`,`rank`,`label`,`choice_list`,`text`,`bgcolor`,`fgcolor`) VALUES (58,49,0,'',2,0,'ffffff','38761d');
INSERT INTO questions (`id`,`section`,`rank`,`label`,`choice_list`,`text`,`bgcolor`,`fgcolor`) VALUES (59,50,0,'',2,0,'ffffff','38761d');
INSERT INTO questions (`id`,`section`,`rank`,`label`,`choice_list`,`text`,`bgcolor`,`fgcolor`) VALUES (60,51,0,'',2,0,'ffffff','38761d');
INSERT INTO questions (`id`,`section`,`rank`,`label`,`choice_list`,`text`,`bgcolor`,`fgcolor`) VALUES (61,52,0,'',2,0,'ffffff','38761d');
INSERT INTO questions (`id`,`section`,`rank`,`label`,`choice_list`,`text`,`bgcolor`,`fgcolor`) VALUES (62,53,0,'',30,0,'ffffff','38761d');
INSERT INTO questions (`id`,`section`,`rank`,`label`,`choice_list`,`text`,`bgcolor`,`fgcolor`) VALUES (63,54,0,'',30,0,'ffffff','38761d');
INSERT INTO questions (`id`,`section`,`rank`,`label`,`choice_list`,`text`,`bgcolor`,`fgcolor`) VALUES (64,55,0,'',2,0,'ffffff','38761d');
INSERT INTO questions (`id`,`section`,`rank`,`label`,`choice_list`,`text`,`bgcolor`,`fgcolor`) VALUES (65,56,0,'Peut rester concentré et actif dans la tâche',31,0,'ffffff','38761d');
INSERT INTO questions (`id`,`section`,`rank`,`label`,`choice_list`,`text`,`bgcolor`,`fgcolor`) VALUES (66,57,0,'',2,0,'ffffff','38761d');
INSERT INTO questions (`id`,`section`,`rank`,`label`,`choice_list`,`text`,`bgcolor`,`fgcolor`) VALUES (67,58,0,'',2,0,'ffffff','38761d');
INSERT INTO questions (`id`,`section`,`rank`,`label`,`choice_list`,`text`,`bgcolor`,`fgcolor`) VALUES (68,59,0,'',2,0,'ffffff','38761d');
INSERT INTO questions (`id`,`section`,`rank`,`label`,`choice_list`,`text`,`bgcolor`,`fgcolor`) VALUES (69,60,0,'',2,0,'ffffff','38761d');
INSERT INTO questions (`id`,`section`,`rank`,`label`,`choice_list`,`text`,`bgcolor`,`fgcolor`) VALUES (70,61,0,'',1,0,'ffffff','38761d');
INSERT INTO questions (`id`,`section`,`rank`,`label`,`choice_list`,`text`,`bgcolor`,`fgcolor`) VALUES (71,62,1,'Relation / pairs',32,0,'ffffff','38761d');
INSERT INTO questions (`id`,`section`,`rank`,`label`,`choice_list`,`text`,`bgcolor`,`fgcolor`) VALUES (72,62,2,'Relation / adultes',32,0,'ffffff','38761d');
INSERT INTO questions (`id`,`section`,`rank`,`label`,`choice_list`,`text`,`bgcolor`,`fgcolor`) VALUES (73,63,0,'',1,0,'ffffff','38761d');
INSERT INTO questions (`id`,`section`,`rank`,`label`,`choice_list`,`text`,`bgcolor`,`fgcolor`) VALUES (74,64,0,'',1,0,'ffffff','38761d');
INSERT INTO questions (`id`,`section`,`rank`,`label`,`choice_list`,`text`,`bgcolor`,`fgcolor`) VALUES (75,65,0,'Face à l\'erreur',33,0,'ffffff','38761d');
INSERT INTO questions (`id`,`section`,`rank`,`label`,`choice_list`,`text`,`bgcolor`,`fgcolor`) VALUES (76,66,0,'Compréhension et acceptation',1,0,'ffffff','38761d');
INSERT INTO questions (`id`,`section`,`rank`,`label`,`choice_list`,`text`,`bgcolor`,`fgcolor`) VALUES (77,67,0,'',1,0,'ffffff','38761d');
INSERT INTO questions (`id`,`section`,`rank`,`label`,`choice_list`,`text`,`bgcolor`,`fgcolor`) VALUES (78,68,0,'Se repère sur un calendrier (un planning),une horloge, et peut les utiliser pour mesurer des durées, ordonner des évènements',4,0,'ffffff','38761d');
INSERT INTO questions (`id`,`section`,`rank`,`label`,`choice_list`,`text`,`bgcolor`,`fgcolor`) VALUES (79,69,0,'Se repére, s’oriente et se situe dans un espace géographique. Utilise et produit des représentations de l’espace',4,0,'ffffff','38761d');
INSERT INTO questions (`id`,`section`,`rank`,`label`,`choice_list`,`text`,`bgcolor`,`fgcolor`) VALUES (80,70,0,'',34,0,'ffffff','38761d');
INSERT INTO questions (`id`,`section`,`rank`,`label`,`choice_list`,`text`,`bgcolor`,`fgcolor`) VALUES (81,73,1,'Après la transmission d\'une consigne simple écrite, l\'apprenti·e réalise la tâche',40,0,'ffffff','38761d');
INSERT INTO questions (`id`,`section`,`rank`,`label`,`choice_list`,`text`,`bgcolor`,`fgcolor`) VALUES (82,73,2,'Après la transmission d\'une consigne simple orale, l\'apprenti·e réalise la tâche',40,0,'ffffff','38761d');
INSERT INTO questions (`id`,`section`,`rank`,`label`,`choice_list`,`text`,`bgcolor`,`fgcolor`) VALUES (83,74,1,'Après la transmission d\'une consigne complexe orale, l\'apprenti·e réalise la tâche',40,0,'ffffff','38761d');
INSERT INTO questions (`id`,`section`,`rank`,`label`,`choice_list`,`text`,`bgcolor`,`fgcolor`) VALUES (84,74,2,'Après la transmission d\'une consigne complexe écrite, l\'apprenti·e réalise la tâche',40,0,'ffffff','38761d');
INSERT INTO questions (`id`,`section`,`rank`,`label`,`choice_list`,`text`,`bgcolor`,`fgcolor`) VALUES (85,75,0,'L\'apprenti·e respecte les étapes de réalisation de la tâche',1,0,'ffffff','38761d');
INSERT INTO questions (`id`,`section`,`rank`,`label`,`choice_list`,`text`,`bgcolor`,`fgcolor`) VALUES (86,76,1,'L\'apprenti·e <b>comprend</b> le vocabulaire technique courant du métier (écrit et/ou oral)',1,0,'ffffff','38761d');
INSERT INTO questions (`id`,`section`,`rank`,`label`,`choice_list`,`text`,`bgcolor`,`fgcolor`) VALUES (87,76,2,'L\'apprenti·e <b>utilise</b> le vocabulaire technique courant du métier (écrit et/ou oral)',1,0,'ffffff','38761d');
INSERT INTO questions (`id`,`section`,`rank`,`label`,`choice_list`,`text`,`bgcolor`,`fgcolor`) VALUES (88,77,0,'Quand la tâche nécessite d\'executer des calculs ou mesures, l\'apprenti·e les réalise sans erreur',5,0,'ffffff','38761d');
INSERT INTO questions (`id`,`section`,`rank`,`label`,`choice_list`,`text`,`bgcolor`,`fgcolor`) VALUES (89,78,0,'Quand la tâche nécessite que l\'apprenti·e communique par écrit, c\'est lisible',1,0,'ffffff','38761d');
INSERT INTO questions (`id`,`section`,`rank`,`label`,`choice_list`,`text`,`bgcolor`,`fgcolor`) VALUES (90,79,1,'Quand une tâche a été réalisée plusieurs fois, l\'apprenti·e gagne en autonomie',1,0,'ffffff','38761d');
INSERT INTO questions (`id`,`section`,`rank`,`label`,`choice_list`,`text`,`bgcolor`,`fgcolor`) VALUES (91,79,2,'Quand une tâche connue n\'a pas été réalisée depuis plusieurs jours/semaines, l\'apprenti·e retrouve ses automatismes',1,0,'ffffff','38761d');
INSERT INTO questions (`id`,`section`,`rank`,`label`,`choice_list`,`text`,`bgcolor`,`fgcolor`) VALUES (92,80,1,'L\'apprenti·e veille à préparer le matériel dont il va avoir besoin pour réaliser la tâche',1,0,'ffffff','38761d');
INSERT INTO questions (`id`,`section`,`rank`,`label`,`choice_list`,`text`,`bgcolor`,`fgcolor`) VALUES (93,80,2,'Le poste de travail de l\'apprenti·e est organisé et propre',1,0,'ffffff','38761d');
INSERT INTO questions (`id`,`section`,`rank`,`label`,`choice_list`,`text`,`bgcolor`,`fgcolor`) VALUES (94,80,3,'L\'apprenti·e sait où trouver ce dont il a besoin et ranger après la tâche selon la norme de l\'entreprise',1,0,'ffffff','38761d');
INSERT INTO questions (`id`,`section`,`rank`,`label`,`choice_list`,`text`,`bgcolor`,`fgcolor`) VALUES (95,81,1,'L\'apprenti·e repère ses erreurs en cours de réalisation de la tâche',1,0,'ffffff','38761d');
INSERT INTO questions (`id`,`section`,`rank`,`label`,`choice_list`,`text`,`bgcolor`,`fgcolor`) VALUES (96,81,2,'Quand l\'apprenti·e repère une erreur en cours de réalisation de la tâche, il réajuste',5,0,'ffffff','38761d');
INSERT INTO questions (`id`,`section`,`rank`,`label`,`choice_list`,`text`,`bgcolor`,`fgcolor`) VALUES (97,82,0,'L\'apprenti·e va au bout de la tâche confiée',5,0,'ffffff','38761d');
INSERT INTO questions (`id`,`section`,`rank`,`label`,`choice_list`,`text`,`bgcolor`,`fgcolor`) VALUES (98,83,0,'L\'apprenti·e fait preuve d\'aisanse corporelle dans l\'exécution des tâches',1,0,'ffffff','38761d');
INSERT INTO questions (`id`,`section`,`rank`,`label`,`choice_list`,`text`,`bgcolor`,`fgcolor`) VALUES (99,84,0,'L\'apprenti·e respecte le temps d\'exécution de la tâche',1,0,'ffffff','38761d');
INSERT INTO questions (`id`,`section`,`rank`,`label`,`choice_list`,`text`,`bgcolor`,`fgcolor`) VALUES (100,85,1,'L\'apprenti·e sait demander de l\'aide quand il est en difficulté dans la réalisation de la tâche',1,0,'ffffff','38761d');
INSERT INTO questions (`id`,`section`,`rank`,`label`,`choice_list`,`text`,`bgcolor`,`fgcolor`) VALUES (101,85,2,'L\'apprenti·e sait rendre compte de la tâche réalisée',1,0,'ffffff','38761d');
INSERT INTO questions (`id`,`section`,`rank`,`label`,`choice_list`,`text`,`bgcolor`,`fgcolor`) VALUES (102,86,0,'L\'apprenti·e veille à sa sécurité lors de la réalisation de la tâche',1,0,'ffffff','38761d');
INSERT INTO questions (`id`,`section`,`rank`,`label`,`choice_list`,`text`,`bgcolor`,`fgcolor`) VALUES (103,88,0,'L\'apprenti·e respecte ses horaires de travail',1,0,'ffffff','38761d');
INSERT INTO questions (`id`,`section`,`rank`,`label`,`choice_list`,`text`,`bgcolor`,`fgcolor`) VALUES (104,89,1,'L\'apprenti·e sait communiquer dans un cadre professionnel avec ses collègues ou la clientèle (s’exprimer de manière claire et structurée)',1,0,'ffffff','38761d');
INSERT INTO questions (`id`,`section`,`rank`,`label`,`choice_list`,`text`,`bgcolor`,`fgcolor`) VALUES (105,89,2,'L\'apprenti·e sait s\'adapter en cas de changement d\'interlocuteur',1,0,'ffffff','38761d');
INSERT INTO questions (`id`,`section`,`rank`,`label`,`choice_list`,`text`,`bgcolor`,`fgcolor`) VALUES (106,89,3,'L\'apprenti·e sait partager de l’information',1,0,'ffffff','38761d');
INSERT INTO questions (`id`,`section`,`rank`,`label`,`choice_list`,`text`,`bgcolor`,`fgcolor`) VALUES (107,89,4,'L\'apprenti·e sait contribuer à une activité commune en interagissant avec les autres',1,0,'ffffff','38761d');
INSERT INTO questions (`id`,`section`,`rank`,`label`,`choice_list`,`text`,`bgcolor`,`fgcolor`) VALUES (108,90,1,'L\'apprenti·e sait s\'adapter en cas de changement dans l\'organisation du travail (tâche imprévue, changement d\'horaire par exemple)',1,0,'ffffff','38761d');
INSERT INTO questions (`id`,`section`,`rank`,`label`,`choice_list`,`text`,`bgcolor`,`fgcolor`) VALUES (109,90,2,'L\'apprenti·e sait faire face aux difficultés rencontrées',1,0,'ffffff','38761d');
INSERT INTO questions (`id`,`section`,`rank`,`label`,`choice_list`,`text`,`bgcolor`,`fgcolor`) VALUES (110,90,3,'L\'apprenti·e évalue convenablement ses propres capacités et comportements et est conscient de ses forces et ses difficultés',1,0,'ffffff','38761d');
INSERT INTO questions (`id`,`section`,`rank`,`label`,`choice_list`,`text`,`bgcolor`,`fgcolor`) VALUES (111,91,0,'L\'apprenti·e se laisse facilement distraire dans son travail',41,0,'ffffff','38761d');
INSERT INTO questions (`id`,`section`,`rank`,`label`,`choice_list`,`text`,`bgcolor`,`fgcolor`) VALUES (112,92,0,'L\'apprenti·e va au bout de la tâche',42,0,'ffffff','38761d');
INSERT INTO questions (`id`,`section`,`rank`,`label`,`choice_list`,`text`,`bgcolor`,`fgcolor`) VALUES (113,93,0,'L\'apprenti·e exprime ses émotions',43,0,'ffffff','38761d');
INSERT INTO questions (`id`,`section`,`rank`,`label`,`choice_list`,`text`,`bgcolor`,`fgcolor`) VALUES (114,95,1,'Au domicile familial',50,1,'ffffff','000000');
INSERT INTO questions (`id`,`section`,`rank`,`label`,`choice_list`,`text`,`bgcolor`,`fgcolor`) VALUES (115,95,2,'A l\'internat',50,1,'ffffff','000000');
INSERT INTO questions (`id`,`section`,`rank`,`label`,`choice_list`,`text`,`bgcolor`,`fgcolor`) VALUES (116,95,3,'En famille d\'accueil',50,1,'ffffff','000000');
INSERT INTO questions (`id`,`section`,`rank`,`label`,`choice_list`,`text`,`bgcolor`,`fgcolor`) VALUES (117,95,4,'En structure d\'accueil',50,1,'ffffff','000000');
INSERT INTO questions (`id`,`section`,`rank`,`label`,`choice_list`,`text`,`bgcolor`,`fgcolor`) VALUES (118,95,5,'Indépendant',50,1,'ffffff','000000');
INSERT INTO questions (`id`,`section`,`rank`,`label`,`choice_list`,`text`,`bgcolor`,`fgcolor`) VALUES (119,96,1,'Parents',0,1,'ffffff','000000');
INSERT INTO questions (`id`,`section`,`rank`,`label`,`choice_list`,`text`,`bgcolor`,`fgcolor`) VALUES (120,96,2,'Fratrie',0,1,'ffffff','000000');
INSERT INTO questions (`id`,`section`,`rank`,`label`,`choice_list`,`text`,`bgcolor`,`fgcolor`) VALUES (121,96,3,'Enfants',0,1,'ffffff','000000');
INSERT INTO questions (`id`,`section`,`rank`,`label`,`choice_list`,`text`,`bgcolor`,`fgcolor`) VALUES (122,96,4,'Relation à',0,1,'ffffff','000000');
INSERT INTO questions (`id`,`section`,`rank`,`label`,`choice_list`,`text`,`bgcolor`,`fgcolor`) VALUES (123,97,1,'Se rend seul.e au CFA',1,1,'ffffff','000000');
INSERT INTO questions (`id`,`section`,`rank`,`label`,`choice_list`,`text`,`bgcolor`,`fgcolor`) VALUES (124,97,2,'Comment ?',51,1,'ffffff','000000');
INSERT INTO questions (`id`,`section`,`rank`,`label`,`choice_list`,`text`,`bgcolor`,`fgcolor`) VALUES (125,97,3,'Se rend seul.e au travail',1,1,'ffffff','000000');
INSERT INTO questions (`id`,`section`,`rank`,`label`,`choice_list`,`text`,`bgcolor`,`fgcolor`) VALUES (126,97,4,'Comment ?',51,1,'ffffff','000000');
INSERT INTO questions (`id`,`section`,`rank`,`label`,`choice_list`,`text`,`bgcolor`,`fgcolor`) VALUES (127,97,5,'ASSR',50,1,'ffffff','000000');
INSERT INTO questions (`id`,`section`,`rank`,`label`,`choice_list`,`text`,`bgcolor`,`fgcolor`) VALUES (128,97,6,'BSR',52,1,'ffffff','000000');
INSERT INTO questions (`id`,`section`,`rank`,`label`,`choice_list`,`text`,`bgcolor`,`fgcolor`) VALUES (129,97,7,'Code de la route',52,1,'ffffff','000000');
INSERT INTO questions (`id`,`section`,`rank`,`label`,`choice_list`,`text`,`bgcolor`,`fgcolor`) VALUES (130,97,8,'Conduite',52,1,'ffffff','000000');
INSERT INTO questions (`id`,`section`,`rank`,`label`,`choice_list`,`text`,`bgcolor`,`fgcolor`) VALUES (131,97,9,'Sait utiliser un plan / une application de guidage',5,1,'ffffff','000000');
INSERT INTO questions (`id`,`section`,`rank`,`label`,`choice_list`,`text`,`bgcolor`,`fgcolor`) VALUES (132,97,10,'Sait lire des horaires de transports en commun',5,1,'ffffff','000000');
INSERT INTO questions (`id`,`section`,`rank`,`label`,`choice_list`,`text`,`bgcolor`,`fgcolor`) VALUES (133,97,11,'Sait acheter un billet de transport (guichet/numérique)',5,1,'ffffff','000000');
INSERT INTO questions (`id`,`section`,`rank`,`label`,`choice_list`,`text`,`bgcolor`,`fgcolor`) VALUES (134,98,1,'Entretient son domicile',5,1,'ffffff','000000');
INSERT INTO questions (`id`,`section`,`rank`,`label`,`choice_list`,`text`,`bgcolor`,`fgcolor`) VALUES (135,98,2,'Entretien son linge',5,1,'ffffff','000000');
INSERT INTO questions (`id`,`section`,`rank`,`label`,`choice_list`,`text`,`bgcolor`,`fgcolor`) VALUES (136,98,3,'Compose ses menus (équilibrés)',5,1,'ffffff','000000');
INSERT INTO questions (`id`,`section`,`rank`,`label`,`choice_list`,`text`,`bgcolor`,`fgcolor`) VALUES (137,98,4,'Prépare ses repas',5,1,'ffffff','000000');
INSERT INTO questions (`id`,`section`,`rank`,`label`,`choice_list`,`text`,`bgcolor`,`fgcolor`) VALUES (138,98,5,'Fait ses courses',5,1,'ffffff','000000');
INSERT INTO questions (`id`,`section`,`rank`,`label`,`choice_list`,`text`,`bgcolor`,`fgcolor`) VALUES (139,98,6,'Réalise les achats divers du quotidien',5,1,'ffffff','000000');
INSERT INTO questions (`id`,`section`,`rank`,`label`,`choice_list`,`text`,`bgcolor`,`fgcolor`) VALUES (140,98,7,'A une hygiène de vie adaptée',5,1,'ffffff','000000');
INSERT INTO questions (`id`,`section`,`rank`,`label`,`choice_list`,`text`,`bgcolor`,`fgcolor`) VALUES (141,98,8,'Adopte une tenue adaptée au contexte (événement et saison)',5,1,'ffffff','000000');
INSERT INTO questions (`id`,`section`,`rank`,`label`,`choice_list`,`text`,`bgcolor`,`fgcolor`) VALUES (142,98,9,'Sait utiliser une messagerie électronique',5,1,'ffffff','000000');
INSERT INTO questions (`id`,`section`,`rank`,`label`,`choice_list`,`text`,`bgcolor`,`fgcolor`) VALUES (143,98,10,'Sait prendre un rendez-vous (médical, administratif, professionnel ...)',5,1,'ffffff','000000');
INSERT INTO questions (`id`,`section`,`rank`,`label`,`choice_list`,`text`,`bgcolor`,`fgcolor`) VALUES (144,98,11,'Sait se présenter à un rendez-vous (médical, administratif, professionnel ...)',5,1,'ffffff','000000');
INSERT INTO questions (`id`,`section`,`rank`,`label`,`choice_list`,`text`,`bgcolor`,`fgcolor`) VALUES (145,99,1,'Est ponctuel·le',1,1,'ffffff','000000');
INSERT INTO questions (`id`,`section`,`rank`,`label`,`choice_list`,`text`,`bgcolor`,`fgcolor`) VALUES (146,99,2,'Est assidu·e',1,1,'ffffff','000000');
INSERT INTO questions (`id`,`section`,`rank`,`label`,`choice_list`,`text`,`bgcolor`,`fgcolor`) VALUES (147,99,3,'Gére son temps (anticiper les temps de déplacement, ne pas attendre le dernier moment pour ...)',5,1,'ffffff','000000');
INSERT INTO questions (`id`,`section`,`rank`,`label`,`choice_list`,`text`,`bgcolor`,`fgcolor`) VALUES (148,99,4,'Utilise un agenda papier ou numérique',5,1,'ffffff','000000');
INSERT INTO questions (`id`,`section`,`rank`,`label`,`choice_list`,`text`,`bgcolor`,`fgcolor`) VALUES (149,100,1,'Sait gérer son budget (« notion de l\'argent »)',5,1,'ffffff','000000');
INSERT INTO questions (`id`,`section`,`rank`,`label`,`choice_list`,`text`,`bgcolor`,`fgcolor`) VALUES (150,100,2,'Rend la monnaie sans erreur',5,1,'ffffff','000000');
INSERT INTO questions (`id`,`section`,`rank`,`label`,`choice_list`,`text`,`bgcolor`,`fgcolor`) VALUES (151,100,3,'Sait utiliser un distributeur bancaire',5,1,'ffffff','000000');
INSERT INTO questions (`id`,`section`,`rank`,`label`,`choice_list`,`text`,`bgcolor`,`fgcolor`) VALUES (152,100,4,'Sait lire son relevé de compte',5,1,'ffffff','000000');
INSERT INTO questions (`id`,`section`,`rank`,`label`,`choice_list`,`text`,`bgcolor`,`fgcolor`) VALUES (153,100,5,'Est sous tutelle / curatelle',5,1,'ffffff','000000');
INSERT INTO questions (`id`,`section`,`rank`,`label`,`choice_list`,`text`,`bgcolor`,`fgcolor`) VALUES (154,101,1,'Participe à des activités en dehors de l\'apprentissage',50,1,'ffffff','000000');
INSERT INTO questions (`id`,`section`,`rank`,`label`,`choice_list`,`text`,`bgcolor`,`fgcolor`) VALUES (155,101,2,'Si oui, lesquelles ?',0,1,'ffffff','000000');
INSERT INTO questions (`id`,`section`,`rank`,`label`,`choice_list`,`text`,`bgcolor`,`fgcolor`) VALUES (156,101,3,'Participe à des sorties en dehors de l\'apprentissage ',50,1,'ffffff','000000');
INSERT INTO questions (`id`,`section`,`rank`,`label`,`choice_list`,`text`,`bgcolor`,`fgcolor`) VALUES (157,101,4,'Si oui, lesquelles ?',0,1,'ffffff','000000');
INSERT INTO questions (`id`,`section`,`rank`,`label`,`choice_list`,`text`,`bgcolor`,`fgcolor`) VALUES (158,101,5,'Sait prendre une place dans les échanges sociaux (travail, CFAS, amis ...)',53,1,'ffffff','000000');
INSERT INTO questions (`id`,`section`,`rank`,`label`,`choice_list`,`text`,`bgcolor`,`fgcolor`) VALUES (159,102,1,'Connaît les situations qui peuvent faire obstacle dans ses apprentissages (CFAS ou entreprise)',50,1,'ffffff','000000');
INSERT INTO questions (`id`,`section`,`rank`,`label`,`choice_list`,`text`,`bgcolor`,`fgcolor`) VALUES (160,102,2,'Connaît les situations qui peuvent faire obstacle dans sa vie "quotidienne" (déplacement, interactions sociales, ...)',50,1,'ffffff','000000');
INSERT INTO questions (`id`,`section`,`rank`,`label`,`choice_list`,`text`,`bgcolor`,`fgcolor`) VALUES (161,102,3,'Parle facilement et de ses difficultés « réelles »',50,1,'ffffff','000000');
INSERT INTO questions (`id`,`section`,`rank`,`label`,`choice_list`,`text`,`bgcolor`,`fgcolor`) VALUES (162,102,4,'Sait parler des compensations / contournements qu\'il a mis en place pour lever/attenuer les obstacles',50,1,'ffffff','000000');
INSERT INTO questions (`id`,`section`,`rank`,`label`,`choice_list`,`text`,`bgcolor`,`fgcolor`) VALUES (163,102,5,'Sait à qui demander de l\'aide en fonction du besoin',50,1,'ffffff','000000');
INSERT INTO questions (`id`,`section`,`rank`,`label`,`choice_list`,`text`,`bgcolor`,`fgcolor`) VALUES (164,102,6,'N\'hésite pas à solliciter l\'aide dont il a besoin',50,1,'ffffff','000000');
INSERT INTO questions (`id`,`section`,`rank`,`label`,`choice_list`,`text`,`bgcolor`,`fgcolor`) VALUES (165,103,1,'Sait assurer le suivi de ses soins et des rendez-vous',5,1,'ffffff','000000');
INSERT INTO questions (`id`,`section`,`rank`,`label`,`choice_list`,`text`,`bgcolor`,`fgcolor`) VALUES (166,103,2,'Gére son traitement',5,1,'ffffff','000000');
INSERT INTO questions (`id`,`section`,`rank`,`label`,`choice_list`,`text`,`bgcolor`,`fgcolor`) VALUES (167,103,3,'Sa qualité du sommeil',54,1,'ffffff','000000');
INSERT INTO questions (`id`,`section`,`rank`,`label`,`choice_list`,`text`,`bgcolor`,`fgcolor`) VALUES (168,103,4,'Conduite addictive',50,1,'ffffff','000000');
INSERT INTO questions (`id`,`section`,`rank`,`label`,`choice_list`,`text`,`bgcolor`,`fgcolor`) VALUES (169,104,1,'Connaît la MDPH (et ses droits) et sait comment les contacter (téléphone, courrier, courriel)',52,1,'ffffff','000000');
INSERT INTO questions (`id`,`section`,`rank`,`label`,`choice_list`,`text`,`bgcolor`,`fgcolor`) VALUES (170,104,2,'Connaît la Mission Locale (et ses droits) et sait comment les contacter (téléphone, courrier, courriel)',52,1,'ffffff','000000');
INSERT INTO questions (`id`,`section`,`rank`,`label`,`choice_list`,`text`,`bgcolor`,`fgcolor`) VALUES (171,104,3,'Connaît Pôle Emploi (et ses droits) et sait comment les contacter (téléphone, courrier, courriel)',52,1,'ffffff','000000');
INSERT INTO questions (`id`,`section`,`rank`,`label`,`choice_list`,`text`,`bgcolor`,`fgcolor`) VALUES (172,104,4,'Connaît Cap Emploi (et ses droits) et sait comment les contacter (téléphone, courrier, courriel)',52,1,'ffffff','000000');
INSERT INTO questions (`id`,`section`,`rank`,`label`,`choice_list`,`text`,`bgcolor`,`fgcolor`) VALUES (173,104,5,'Connaît la CAF (et ses droits) et sait comment les contacter (téléphone, courrier, courriel)',52,1,'ffffff','000000');
INSERT INTO questions (`id`,`section`,`rank`,`label`,`choice_list`,`text`,`bgcolor`,`fgcolor`) VALUES (174,104,6,'Connaît la CPAM (et ses droits) et sait comment les contacter (téléphone, courrier, courriel)',52,1,'ffffff','000000');
INSERT INTO adapts (`id`,`rank`,`label`,`bgcolor`,`fgcolor`) VALUES (1,1,'Plan d\'adaptation','4586ad','ffffff');
INSERT INTO adapts (`id`,`parent`,`rank`,`label`,`bgcolor`,`fgcolor`) VALUES (2,1,1,'Volet CFA','224b56','ffffff');
INSERT INTO adapts (`id`,`parent`,`rank`,`label`,`bgcolor`,`fgcolor`) VALUES (3,2,1,'Adaptations pédagogiques','d9d9d9','347182');
INSERT INTO adapts (`id`,`parent`,`rank`,`label`,`bgcolor`,`fgcolor`) VALUES (4,3,1,'Organisationnelles','d9d9d9','347182');
INSERT INTO adapts (`id`,`parent`,`rank`,`label`,`bgcolor`,`fgcolor`) VALUES (5,4,1,'Adapter l\'emploi du temps des contrats à temps partiel','ffffff','000000');
INSERT INTO adapts (`id`,`parent`,`rank`,`label`,`bgcolor`,`fgcolor`) VALUES (6,4,2,'Présenter les différents lieux du CFA (salle de cours, internat, foyer, cafétéria)','ffffff','000000');
INSERT INTO adapts (`id`,`parent`,`rank`,`label`,`bgcolor`,`fgcolor`) VALUES (7,4,3,'Présenter et simplifier le règlement intérieur','ffffff','000000');
INSERT INTO adapts (`id`,`parent`,`rank`,`label`,`bgcolor`,`fgcolor`) VALUES (8,4,4,'Présenter l\'équipe du CFA: pédagogique, administrative, référent handicap','ffffff','000000');
INSERT INTO adapts (`id`,`parent`,`rank`,`label`,`bgcolor`,`fgcolor`) VALUES (9,4,5,'Détailler l\'emploi du temps en présence de l\'apprenti','ffffff','000000');
INSERT INTO adapts (`id`,`parent`,`rank`,`label`,`bgcolor`,`fgcolor`) VALUES (10,4,6,'Permettre des pauses fréquentes','ffffff','000000');
INSERT INTO adapts (`id`,`parent`,`rank`,`label`,`bgcolor`,`fgcolor`) VALUES (11,4,7,'Installer l\'apprenant dans les meilleures conditions possibles (face au tableau, petit groupe, en individuel, avec un scripteur, un lecteur….)','ffffff','000000');
INSERT INTO adapts (`id`,`parent`,`rank`,`label`,`bgcolor`,`fgcolor`) VALUES (12,4,8,'Instaurer un tutorat par l\'intermédiaire d\'un pair','ffffff','000000');
INSERT INTO adapts (`id`,`parent`,`rank`,`label`,`bgcolor`,`fgcolor`) VALUES (13,4,9,'Énoncer l\'objectif de la séance et en faire une synthèse à la fin','ffffff','000000');
INSERT INTO adapts (`id`,`parent`,`rank`,`label`,`bgcolor`,`fgcolor`) VALUES (14,4,10,'Prendre en compte la fatigabilité, les lenteurs','ffffff','000000');
INSERT INTO adapts (`id`,`parent`,`rank`,`label`,`bgcolor`,`fgcolor`) VALUES (15,4,11,'Permettre l\'utilisation d\'un drive partagé','ffffff','000000');
INSERT INTO adapts (`id`,`parent`,`rank`,`label`,`bgcolor`,`fgcolor`) VALUES (16,4,12,'Permettre l\'utilisation de logiciel ou d\'application spécifique','ffffff','000000');
INSERT INTO adapts (`id`,`parent`,`rank`,`label`,`bgcolor`,`fgcolor`) VALUES (17,4,13,'Permettre à l’apprenant d’imprimer ses productions','ffffff','000000');
INSERT INTO adapts (`id`,`parent`,`rank`,`label`,`bgcolor`,`fgcolor`) VALUES (18,3,2,'Aides à la lecture : adaptation des supports','d9d9d9','347182');
INSERT INTO adapts (`id`,`parent`,`rank`,`label`,`bgcolor`,`fgcolor`) VALUES (19,18,1,'Veiller à la lisibilité et à la clarté des l\'affichages dans les locaux du CFA pour faciliter l\'accès','ffffff','000000');
INSERT INTO adapts (`id`,`parent`,`rank`,`label`,`bgcolor`,`fgcolor`) VALUES (20,18,2,'Veiller à la lisibilité et à la clarté de l\'affichage dans les salles','ffffff','000000');
INSERT INTO adapts (`id`,`parent`,`rank`,`label`,`bgcolor`,`fgcolor`) VALUES (21,18,3,'Veiller à la lisibilité et à la clarté des documents à destination de l\'apprenant (Cf. livret d\'app, doc du fonctionnement des CFA…)','ffffff','000000');
INSERT INTO adapts (`id`,`parent`,`rank`,`label`,`bgcolor`,`fgcolor`) VALUES (22,18,4,'Proposer des supports aérés et agrandis lors des séquences pédagogiques (par exemple Arial 14, format papier A3)','ffffff','000000');
INSERT INTO adapts (`id`,`parent`,`rank`,`label`,`bgcolor`,`fgcolor`) VALUES (23,18,5,'Proposer des supports sur clé USB ou en ligne','ffffff','000000');
INSERT INTO adapts (`id`,`parent`,`rank`,`label`,`bgcolor`,`fgcolor`) VALUES (24,18,6,'Faciliter la lecture des supports écrits (surligner une ligne sur deux…)','ffffff','000000');
INSERT INTO adapts (`id`,`parent`,`rank`,`label`,`bgcolor`,`fgcolor`) VALUES (25,3,3,'Aides à la lecture : accompagnement de la part du formateur','d9d9d9','347182');
INSERT INTO adapts (`id`,`parent`,`rank`,`label`,`bgcolor`,`fgcolor`) VALUES (26,25,1,'Sensibiliser l\'équipe pédagogique au handicap','ffffff','000000');
INSERT INTO adapts (`id`,`parent`,`rank`,`label`,`bgcolor`,`fgcolor`) VALUES (27,25,2,'Proposer une lecture à l\'apprenant (logiciel, formateur ou pair) des textes supports de la séance','ffffff','000000');
INSERT INTO adapts (`id`,`parent`,`rank`,`label`,`bgcolor`,`fgcolor`) VALUES (28,25,3,'Lire les questions qui seront posées afin de faciliter la compréhension de l\'apprenant','ffffff','000000');
INSERT INTO adapts (`id`,`parent`,`rank`,`label`,`bgcolor`,`fgcolor`) VALUES (29,25,4,'Proposer l\'utilisation de supports numériques et audio','ffffff','000000');
INSERT INTO adapts (`id`,`parent`,`rank`,`label`,`bgcolor`,`fgcolor`) VALUES (30,25,5,'Eviter d\'inviter l\'apprenant au tableau sans préparation','ffffff','000000');
INSERT INTO adapts (`id`,`parent`,`rank`,`label`,`bgcolor`,`fgcolor`) VALUES (31,25,6,'Eviter de faire lire l\'apprenant à haute voix sans préparation','ffffff','000000');
INSERT INTO adapts (`id`,`parent`,`rank`,`label`,`bgcolor`,`fgcolor`) VALUES (32,3,4,'Aides à l\'écriture','d9d9d9','347182');
INSERT INTO adapts (`id`,`parent`,`rank`,`label`,`bgcolor`,`fgcolor`) VALUES (33,32,1,'Limiter le travail d\'écriture, donner des supports de travail ou d’exercices déjà écrits (QCM par exemple)','ffffff','000000');
INSERT INTO adapts (`id`,`parent`,`rank`,`label`,`bgcolor`,`fgcolor`) VALUES (34,32,2,'Limiter la prise de notes, fournir des photocopies pour privilégier l\'apprentissage et le sens donné','ffffff','000000');
INSERT INTO adapts (`id`,`parent`,`rank`,`label`,`bgcolor`,`fgcolor`) VALUES (35,32,3,'Limiter le travail d\'écriture, proposer les exercices/évaluation à l\'oral','ffffff','000000');
INSERT INTO adapts (`id`,`parent`,`rank`,`label`,`bgcolor`,`fgcolor`) VALUES (36,32,4,'Permettre une écriture phonétique lors des évaluations (tolérer les fautes d\'orthographe)','ffffff','000000');
INSERT INTO adapts (`id`,`parent`,`rank`,`label`,`bgcolor`,`fgcolor`) VALUES (37,3,5,'Aides à la compréhension','d9d9d9','347182');
INSERT INTO adapts (`id`,`parent`,`rank`,`label`,`bgcolor`,`fgcolor`) VALUES (38,37,1,'Surligner les mots clés pour aider à la compréhension des supports écrits','ffffff','000000');
INSERT INTO adapts (`id`,`parent`,`rank`,`label`,`bgcolor`,`fgcolor`) VALUES (39,37,2,'Proposer à l\'apprenant des fiches outils (tables, définitions, théorèmes, ...)','ffffff','000000');
INSERT INTO adapts (`id`,`parent`,`rank`,`label`,`bgcolor`,`fgcolor`) VALUES (40,37,3,'S\'assurer de la compréhension du vocabulaire spécifique','ffffff','000000');
INSERT INTO adapts (`id`,`parent`,`rank`,`label`,`bgcolor`,`fgcolor`) VALUES (41,37,4,'Permettre à l\'apprenant de répéter le message entendu et compléter','ffffff','000000');
INSERT INTO adapts (`id`,`parent`,`rank`,`label`,`bgcolor`,`fgcolor`) VALUES (42,37,5,'Aider à la compréhension par une explicitation ou une reformulation de la part du formateur (consignes écrites et orales, cours, …)','ffffff','000000');
INSERT INTO adapts (`id`,`parent`,`rank`,`label`,`bgcolor`,`fgcolor`) VALUES (43,3,6,'Aides à la mémorisation / acquisition','d9d9d9','347182');
INSERT INTO adapts (`id`,`parent`,`rank`,`label`,`bgcolor`,`fgcolor`) VALUES (44,43,1,'Fournir à l\'apprenant des moyens mnémotechniques (mise en place de méthodes de travail - images mentales, rituels, ...)','ffffff','000000');
INSERT INTO adapts (`id`,`parent`,`rank`,`label`,`bgcolor`,`fgcolor`) VALUES (45,43,2,'Réinterroger l\'apprenant pour s\'assurer de la mémorisation','ffffff','000000');
INSERT INTO adapts (`id`,`parent`,`rank`,`label`,`bgcolor`,`fgcolor`) VALUES (46,43,3,'Favoriser la mémorisation en laissant le temps de la répétition mentale','ffffff','000000');
INSERT INTO adapts (`id`,`parent`,`rank`,`label`,`bgcolor`,`fgcolor`) VALUES (47,43,4,'Aider l\'apprenant à transférer des acquis (l\'aider à revenir sur ce qu\'il a fait après avoir réalisé la tâche - explicitation)','ffffff','000000');
INSERT INTO adapts (`id`,`parent`,`rank`,`label`,`bgcolor`,`fgcolor`) VALUES (48,3,7,'Aide aux calculs','d9d9d9','347182');
INSERT INTO adapts (`id`,`parent`,`rank`,`label`,`bgcolor`,`fgcolor`) VALUES (49,48,1,'Permettre l\'utilisation de la calculatrice dans toutes les disciplines','ffffff','000000');
INSERT INTO adapts (`id`,`parent`,`rank`,`label`,`bgcolor`,`fgcolor`) VALUES (50,48,2,'Admettre que la réponse ne soit pas rédigée si les calculs sont justes, admettre une réponse orale','ffffff','000000');
INSERT INTO adapts (`id`,`parent`,`rank`,`label`,`bgcolor`,`fgcolor`) VALUES (51,48,3,'Aider au repérage spatio-temporel','ffffff','000000');
INSERT INTO adapts (`id`,`parent`,`rank`,`label`,`bgcolor`,`fgcolor`) VALUES (52,48,4,'Favoriser les activités de manipulation, la pédagogie active','ffffff','000000');
INSERT INTO adapts (`id`,`parent`,`rank`,`label`,`bgcolor`,`fgcolor`) VALUES (53,48,5,'Utiliser la schématisation en situation problème','ffffff','000000');
INSERT INTO adapts (`id`,`parent`,`rank`,`label`,`bgcolor`,`fgcolor`) VALUES (54,48,6,'Proposer l\'utilisation de logiciels adaptés en géométrie','ffffff','000000');
INSERT INTO adapts (`id`,`parent`,`rank`,`label`,`bgcolor`,`fgcolor`) VALUES (55,48,7,'Individualiser les corrections','ffffff','000000');
INSERT INTO adapts (`id`,`parent`,`rank`,`label`,`bgcolor`,`fgcolor`) VALUES (56,48,8,'Décomposer les consignes complexes en plusieurs étapes','ffffff','000000');
INSERT INTO adapts (`id`,`parent`,`rank`,`label`,`bgcolor`,`fgcolor`) VALUES (57,3,8,'Autres adaptations','d9d9d9','347182');
INSERT INTO adapts (`id`,`parent`,`rank`,`label`,`bgcolor`,`fgcolor`) VALUES (58,57,1,'Adapter les activités physiques (individuelles/collectives), les performances attendues','ffffff','000000');
INSERT INTO adapts (`id`,`parent`,`rank`,`label`,`bgcolor`,`fgcolor`) VALUES (59,57,2,'Proposer l\'installation d\'une boucle magnétique','ffffff','000000');
INSERT INTO adapts (`id`,`parent`,`rank`,`label`,`bgcolor`,`fgcolor`) VALUES (60,57,3,'Proposer des documents en Braille','ffffff','000000');
INSERT INTO adapts (`id`,`parent`,`rank`,`label`,`bgcolor`,`fgcolor`) VALUES (61,57,4,'Mobiliser un interprète LSF','ffffff','000000');
INSERT INTO adapts (`id`,`parent`,`rank`,`label`,`bgcolor`,`fgcolor`) VALUES (62,57,5,'Simplifier les supports écrits existants en entreprise (FALC)','ffffff','000000');
INSERT INTO adapts (`id`,`parent`,`rank`,`label`,`bgcolor`,`fgcolor`) VALUES (63,2,2,'Aménagement des examens','d9d9d9','347182');
INSERT INTO adapts (`id`,`parent`,`rank`,`label`,`bgcolor`,`fgcolor`) VALUES (64,63,1,'Organisation','d9d9d9','347182');
INSERT INTO adapts (`id`,`parent`,`rank`,`label`,`bgcolor`,`fgcolor`) VALUES (65,64,1,'Echelonner les examens (éviter les journées trop chargées, différer les épreuves…)','ffffff','000000');
INSERT INTO adapts (`id`,`parent`,`rank`,`label`,`bgcolor`,`fgcolor`) VALUES (66,64,2,'Proposer une cohérence de lieux: éviter des lieux trop distanciés sur une même journée','ffffff','000000');
INSERT INTO adapts (`id`,`parent`,`rank`,`label`,`bgcolor`,`fgcolor`) VALUES (67,64,3,'Découvrir les lieux en amont ou passage des examens dans une salle connue','ffffff','000000');
INSERT INTO adapts (`id`,`parent`,`rank`,`label`,`bgcolor`,`fgcolor`) VALUES (68,64,4,'Rappeler à l\'apprenti les adaptations mises en places avant le début des examens','ffffff','000000');
INSERT INTO adapts (`id`,`parent`,`rank`,`label`,`bgcolor`,`fgcolor`) VALUES (69,64,5,'Dispenser de certaines épreuves (sport, langue vivante…)','ffffff','000000');
INSERT INTO adapts (`id`,`parent`,`rank`,`label`,`bgcolor`,`fgcolor`) VALUES (70,64,6,'Transformer les épreuves écrites en épreuves orales','ffffff','000000');
INSERT INTO adapts (`id`,`parent`,`rank`,`label`,`bgcolor`,`fgcolor`) VALUES (71,63,2,'Conditions matérielles','d9d9d9','347182');
INSERT INTO adapts (`id`,`parent`,`rank`,`label`,`bgcolor`,`fgcolor`) VALUES (72,71,1,'Permettre l\'accessibilité des locaux','ffffff','000000');
INSERT INTO adapts (`id`,`parent`,`rank`,`label`,`bgcolor`,`fgcolor`) VALUES (73,71,2,'Permettre l\'utilisation du matériel informatique de l\'apprenant','ffffff','000000');
INSERT INTO adapts (`id`,`parent`,`rank`,`label`,`bgcolor`,`fgcolor`) VALUES (74,71,3,'Attribuer une salle adaptée: petit groupe ou seul','ffffff','000000');
INSERT INTO adapts (`id`,`parent`,`rank`,`label`,`bgcolor`,`fgcolor`) VALUES (75,71,4,'Accorder du temps majoré pour les épreuves (Tiers temps). Si situations exceptionnelles peut excéder le 1/3 temps','ffffff','000000');
INSERT INTO adapts (`id`,`parent`,`rank`,`label`,`bgcolor`,`fgcolor`) VALUES (76,71,5,'Accorder temps majoré de pauses','ffffff','000000');
INSERT INTO adapts (`id`,`parent`,`rank`,`label`,`bgcolor`,`fgcolor`) VALUES (77,71,6,'Accorder un temps de repas et de récupération qui doit être supérieur à une heure en cas d\'épreuves majorées','ffffff','000000');
INSERT INTO adapts (`id`,`parent`,`rank`,`label`,`bgcolor`,`fgcolor`) VALUES (78,63,3,'Aides techniques','d9d9d9','347182');
INSERT INTO adapts (`id`,`parent`,`rank`,`label`,`bgcolor`,`fgcolor`) VALUES (79,78,1,'Adapter les supports (police d\'écriture, format….)','ffffff','000000');
INSERT INTO adapts (`id`,`parent`,`rank`,`label`,`bgcolor`,`fgcolor`) VALUES (80,78,2,'Adapter le format papier','ffffff','000000');
INSERT INTO adapts (`id`,`parent`,`rank`,`label`,`bgcolor`,`fgcolor`) VALUES (81,78,3,'Proposer des supports au format numérique','ffffff','000000');
INSERT INTO adapts (`id`,`parent`,`rank`,`label`,`bgcolor`,`fgcolor`) VALUES (82,78,4,'Proposer des sujets transcrits en braille ou en gros caractères avec un fort contraste','ffffff','000000');
INSERT INTO adapts (`id`,`parent`,`rank`,`label`,`bgcolor`,`fgcolor`) VALUES (83,78,5,'Proposer l\'étalement sur plusieurs sessions consécutives du passage des épreuves (exemple : étalement entre la session de juin et la session de septembre)','ffffff','000000');
INSERT INTO adapts (`id`,`parent`,`rank`,`label`,`bgcolor`,`fgcolor`) VALUES (84,78,6,'Obtenir la conservation, durant cinq ans, des notes obtenues à des épreuves (même celles inférieures à la moyenne)','ffffff','000000');
INSERT INTO adapts (`id`,`parent`,`rank`,`label`,`bgcolor`,`fgcolor`) VALUES (85,63,4,'Aides humaines','d9d9d9','347182');
INSERT INTO adapts (`id`,`parent`,`rank`,`label`,`bgcolor`,`fgcolor`) VALUES (86,85,1,'Mobiliser un secrétaire: Lecteur','ffffff','000000');
INSERT INTO adapts (`id`,`parent`,`rank`,`label`,`bgcolor`,`fgcolor`) VALUES (87,85,2,'Mobiliser un secrétaire: Scripteur','ffffff','000000');
INSERT INTO adapts (`id`,`parent`,`rank`,`label`,`bgcolor`,`fgcolor`) VALUES (88,85,3,'Mobiliser un secrétaire: Reformulation des consignes et vérification de la compréhension','ffffff','000000');
INSERT INTO adapts (`id`,`parent`,`rank`,`label`,`bgcolor`,`fgcolor`) VALUES (89,2,3,'Equipement technique : acquisition - installation','d9d9d9','347182');
INSERT INTO adapts (`id`,`parent`,`rank`,`label`,`bgcolor`,`fgcolor`) VALUES (90,89,1,'Équipements adaptés sur le plan ergonomique (outils, ustensiles, mobilier...) - à préciser et devis','ffffff','000000');
INSERT INTO adapts (`id`,`parent`,`rank`,`label`,`bgcolor`,`fgcolor`) VALUES (91,89,2,'Logiciel ou application spécifique','ffffff','000000');
INSERT INTO adapts (`id`,`parent`,`rank`,`label`,`bgcolor`,`fgcolor`) VALUES (92,89,3,'Enregistreur/dictaphone','ffffff','000000');
INSERT INTO adapts (`id`,`parent`,`rank`,`label`,`bgcolor`,`fgcolor`) VALUES (93,89,4,'Ordinateur / tablette','ffffff','000000');
INSERT INTO adapts (`id`,`parent`,`rank`,`label`,`bgcolor`,`fgcolor`) VALUES (94,89,5,'Autres (préciser)','ffffff','000000');
INSERT INTO adapts (`id`,`parent`,`rank`,`label`,`bgcolor`,`fgcolor`) VALUES (95,2,4,'Equipement technique : utilisation/ appropriation','d9d9d9','347182');
INSERT INTO adapts (`id`,`parent`,`rank`,`label`,`bgcolor`,`fgcolor`) VALUES (96,95,1,'Accompagnement pour la prise en main des équipements','ffffff','000000');
INSERT INTO adapts (`id`,`parent`,`rank`,`label`,`bgcolor`,`fgcolor`) VALUES (97,1,2,'Volet Entreprise','faab12','ffffff');
INSERT INTO adapts (`id`,`parent`,`rank`,`label`,`bgcolor`,`fgcolor`) VALUES (98,97,1,'Adaptations des modalités de travail en atelier / en entreprise','d9d9d9','faab12');
INSERT INTO adapts (`id`,`parent`,`rank`,`label`,`bgcolor`,`fgcolor`) VALUES (99,98,1,'Aides à la compréhension','d9d9d9','faab12');
INSERT INTO adapts (`id`,`parent`,`rank`,`label`,`bgcolor`,`fgcolor`) VALUES (100,99,1,'Privilégier la transmission d\'une consigne à la fois','ffffff','000000');
INSERT INTO adapts (`id`,`parent`,`rank`,`label`,`bgcolor`,`fgcolor`) VALUES (101,99,2,'Décomposer les consignes complexes en plusieurs étapes','ffffff','000000');
INSERT INTO adapts (`id`,`parent`,`rank`,`label`,`bgcolor`,`fgcolor`) VALUES (102,99,3,'Utiliser la schématisation pour les consignes complexes','ffffff','000000');
INSERT INTO adapts (`id`,`parent`,`rank`,`label`,`bgcolor`,`fgcolor`) VALUES (103,99,4,'Privilégier la transmission des consignes à l\'oral avec vigilance sur le vocabulaire employé','ffffff','000000');
INSERT INTO adapts (`id`,`parent`,`rank`,`label`,`bgcolor`,`fgcolor`) VALUES (104,99,5,'Privilégier la transmission des consignes à l\'écrit avec vigilance sur le vocabulaire employé','ffffff','000000');
INSERT INTO adapts (`id`,`parent`,`rank`,`label`,`bgcolor`,`fgcolor`) VALUES (105,99,6,'S\'assurer de la compréhension du vocabulaire spécifique','ffffff','000000');
INSERT INTO adapts (`id`,`parent`,`rank`,`label`,`bgcolor`,`fgcolor`) VALUES (106,99,7,'Faire reformuler l\'apprenti·e pour vérifier la compréhension de la consigne','ffffff','000000');
INSERT INTO adapts (`id`,`parent`,`rank`,`label`,`bgcolor`,`fgcolor`) VALUES (107,99,8,'Exécuter les tâches demandées en présence de l\'apprenti·e pour faciliter la compréhension (démonstration)','ffffff','000000');
INSERT INTO adapts (`id`,`parent`,`rank`,`label`,`bgcolor`,`fgcolor`) VALUES (108,99,9,'Aider à la compréhension par l\'explicitation ou la reformulation','ffffff','000000');
INSERT INTO adapts (`id`,`parent`,`rank`,`label`,`bgcolor`,`fgcolor`) VALUES (109,99,10,'Veiller à parler à l\'apprenant face à face dans un environnement peu bruyant','ffffff','000000');
INSERT INTO adapts (`id`,`parent`,`rank`,`label`,`bgcolor`,`fgcolor`) VALUES (110,98,2,'Aides à la mémorisation','d9d9d9','faab12');
INSERT INTO adapts (`id`,`parent`,`rank`,`label`,`bgcolor`,`fgcolor`) VALUES (111,110,1,'Expliquer et répéter les tâches à plusieurs reprises','ffffff','000000');
INSERT INTO adapts (`id`,`parent`,`rank`,`label`,`bgcolor`,`fgcolor`) VALUES (112,110,2,'Réinterroger l\'apprenant pour s\'assurer de la mémorisation','ffffff','000000');
INSERT INTO adapts (`id`,`parent`,`rank`,`label`,`bgcolor`,`fgcolor`) VALUES (113,110,3,'Favoriser la mémorisation en laissant le temps de la répétition mentale','ffffff','000000');
INSERT INTO adapts (`id`,`parent`,`rank`,`label`,`bgcolor`,`fgcolor`) VALUES (114,110,4,'Ecrire sur un support durable ou enregistrer les consignes quotidiennes (tâches répétitives)','ffffff','000000');
INSERT INTO adapts (`id`,`parent`,`rank`,`label`,`bgcolor`,`fgcolor`) VALUES (115,110,5,'Aider l\'apprenant à automatiser les acquis (l\'aider à revenir sur ce qu\'il a fait après avoir réalisé la tâche - explicitation)','ffffff','000000');
INSERT INTO adapts (`id`,`parent`,`rank`,`label`,`bgcolor`,`fgcolor`) VALUES (116,110,6,'Proposer un bilan par semaine, temps d\'échange, retour sur vécu','ffffff','000000');
INSERT INTO adapts (`id`,`parent`,`rank`,`label`,`bgcolor`,`fgcolor`) VALUES (117,98,3,'Aides au calcul, écriture, lecture','d9d9d9','faab12');
INSERT INTO adapts (`id`,`parent`,`rank`,`label`,`bgcolor`,`fgcolor`) VALUES (118,117,1,'Permettre l\'utilisation ordinateur ou tablette et de logiciels adaptés','ffffff','000000');
INSERT INTO adapts (`id`,`parent`,`rank`,`label`,`bgcolor`,`fgcolor`) VALUES (119,117,2,'Permettre l\'utilisation calculatrice','ffffff','000000');
INSERT INTO adapts (`id`,`parent`,`rank`,`label`,`bgcolor`,`fgcolor`) VALUES (120,117,3,'Limiter la prise de notes','ffffff','000000');
INSERT INTO adapts (`id`,`parent`,`rank`,`label`,`bgcolor`,`fgcolor`) VALUES (121,117,4,'Veiller à la lisibilité et à la clarté des l\'affichages dans les locaux de l\'entreprise','ffffff','000000');
INSERT INTO adapts (`id`,`parent`,`rank`,`label`,`bgcolor`,`fgcolor`) VALUES (122,117,5,'Limiter les calculs en proposant des fiches outils','ffffff','000000');
INSERT INTO adapts (`id`,`parent`,`rank`,`label`,`bgcolor`,`fgcolor`) VALUES (123,117,6,'Favoriser la communication en FALC','ffffff','000000');
INSERT INTO adapts (`id`,`parent`,`rank`,`label`,`bgcolor`,`fgcolor`) VALUES (124,98,4,'Aides au repérage','d9d9d9','faab12');
INSERT INTO adapts (`id`,`parent`,`rank`,`label`,`bgcolor`,`fgcolor`) VALUES (125,124,1,'Intégrer des protocoles d\'exécution des tâches facilitant le repérage dans le temps et l\'espace','ffffff','000000');
INSERT INTO adapts (`id`,`parent`,`rank`,`label`,`bgcolor`,`fgcolor`) VALUES (126,124,2,'Indiquer clairement l\'ordre de réalisation des tâches','ffffff','000000');
INSERT INTO adapts (`id`,`parent`,`rank`,`label`,`bgcolor`,`fgcolor`) VALUES (127,124,3,'Aider au repérage spatio-temporel (utilisation de pictogrammes, rituels...)','ffffff','000000');
INSERT INTO adapts (`id`,`parent`,`rank`,`label`,`bgcolor`,`fgcolor`) VALUES (128,124,4,'veiller à laisser une trace (écrite ou orale) pour la transmission des informations impliquant le repérage','ffffff','000000');
INSERT INTO adapts (`id`,`parent`,`rank`,`label`,`bgcolor`,`fgcolor`) VALUES (129,98,5,'Autres','d9d9d9','faab12');
INSERT INTO adapts (`id`,`parent`,`rank`,`label`,`bgcolor`,`fgcolor`) VALUES (130,129,1,'Prendre en compte la fatigabilité, les lenteurs','ffffff','000000');
INSERT INTO adapts (`id`,`parent`,`rank`,`label`,`bgcolor`,`fgcolor`) VALUES (131,129,2,'Permettre des pauses fréquentes','ffffff','000000');
INSERT INTO adapts (`id`,`parent`,`rank`,`label`,`bgcolor`,`fgcolor`) VALUES (132,129,3,'Accorder un temps augmenté pour la réalisation de la tâche','ffffff','000000');
INSERT INTO adapts (`id`,`parent`,`rank`,`label`,`bgcolor`,`fgcolor`) VALUES (133,129,4,'Favoriser la transmission des consignes par une personne repère (MA ou autre personne sur le poste)','ffffff','000000');
INSERT INTO adapts (`id`,`parent`,`rank`,`label`,`bgcolor`,`fgcolor`) VALUES (134,129,5,'Valoriser, encourager le travail de l\'apprenti','ffffff','000000');
INSERT INTO adapts (`id`,`parent`,`rank`,`label`,`bgcolor`,`fgcolor`) VALUES (135,129,6,'Accompagner l\'utilisation du livret d\'apprentissage','ffffff','000000');
INSERT INTO adapts (`id`,`parent`,`rank`,`label`,`bgcolor`,`fgcolor`) VALUES (136,97,2,'Equipement technique : acquisition - installation','d9d9d9','faab12');
INSERT INTO adapts (`id`,`parent`,`rank`,`label`,`bgcolor`,`fgcolor`) VALUES (137,136,1,'Équipements adaptés sur le plan ergonomique (outils, ustensiles, mobilier...) - à préciser et devis','ffffff','000000');
INSERT INTO adapts (`id`,`parent`,`rank`,`label`,`bgcolor`,`fgcolor`) VALUES (138,136,2,'Logiciel ou application spécifique','ffffff','000000');
INSERT INTO adapts (`id`,`parent`,`rank`,`label`,`bgcolor`,`fgcolor`) VALUES (139,136,3,'Enregistreur/dictaphone','ffffff','000000');
INSERT INTO adapts (`id`,`parent`,`rank`,`label`,`bgcolor`,`fgcolor`) VALUES (140,136,4,'Ordinateur / tablette','ffffff','000000');
INSERT INTO adapts (`id`,`parent`,`rank`,`label`,`bgcolor`,`fgcolor`) VALUES (141,136,5,'Autres (préciser)','ffffff','000000');
INSERT INTO adapts (`id`,`parent`,`rank`,`label`,`bgcolor`,`fgcolor`) VALUES (142,97,3,'Equipement technique : utilisation/ appropriation','d9d9d9','faab12');
INSERT INTO adapts (`id`,`parent`,`rank`,`label`,`bgcolor`,`fgcolor`) VALUES (143,142,1,'Accompagnement pour la prise en main des équipements','ffffff','000000');
INSERT INTO adapts (`id`,`parent`,`rank`,`label`,`bgcolor`,`fgcolor`) VALUES (144,97,4,'Soutien à la formation en entreprise (soutien au Maître d\'apprentissage)','d9d9d9','faab12');
INSERT INTO adapts (`id`,`parent`,`rank`,`label`,`bgcolor`,`fgcolor`) VALUES (145,144,1,'Intervention d\'un tiers sécurisant pour la présentation de l\'entreprise (équipes, horaires, conditions d\'accès...) : au démarrage du contrat et si changements pendant le contrat','ffffff','000000');
INSERT INTO adapts (`id`,`parent`,`rank`,`label`,`bgcolor`,`fgcolor`) VALUES (146,144,2,'Intervention d\'un tiers sécurisant pour la présentation des espaces, aide au repérage.','ffffff','000000');
INSERT INTO adapts (`id`,`parent`,`rank`,`label`,`bgcolor`,`fgcolor`) VALUES (147,144,3,'Sensibiliser le collectif de travail en entreprise à la situation de handicap','ffffff','000000');
INSERT INTO adapts (`id`,`parent`,`rank`,`label`,`bgcolor`,`fgcolor`) VALUES (148,144,4,'Accompagnement de l\'entreprise dans la mise en oeuvre des préconisations d\'adaptation des modalités de travail','ffffff','000000');
INSERT INTO adapts (`id`,`parent`,`rank`,`label`,`bgcolor`,`fgcolor`) VALUES (149,144,5,'Présentation en entreprise des adaptations de compensation mis en oeuvre au CFA (progression et/ou examen)','ffffff','000000');
INSERT INTO adapts (`id`,`parent`,`rank`,`label`,`bgcolor`,`fgcolor`) VALUES (150,144,6,'Observation/soutien d\'un tiers en entreprise pour les mises en pratiques','ffffff','000000');
INSERT INTO adapts (`id`,`parent`,`rank`,`label`,`bgcolor`,`fgcolor`) VALUES (151,1,3,'Volet Social','224b56','ffffff');
INSERT INTO adapts (`id`,`parent`,`rank`,`label`,`bgcolor`,`fgcolor`) VALUES (152,151,1,'Accès aux droits et à l’autonomie - ouverture des droits (et information de l\'existant)','d9d9d9','347182');
INSERT INTO adapts (`id`,`parent`,`rank`,`label`,`bgcolor`,`fgcolor`) VALUES (153,152,1,'Santé: Mutuelle - Carte Vitale','ffffff','000000');
INSERT INTO adapts (`id`,`parent`,`rank`,`label`,`bgcolor`,`fgcolor`) VALUES (154,152,2,'Logement: aide à la CAF - démarches administratives','ffffff','000000');
INSERT INTO adapts (`id`,`parent`,`rank`,`label`,`bgcolor`,`fgcolor`) VALUES (155,152,3,'Déplacement: BSR - code de la route - permis - assurance - carte grise - Transport en commun (Bus, train…)','ffffff','000000');
INSERT INTO adapts (`id`,`parent`,`rank`,`label`,`bgcolor`,`fgcolor`) VALUES (156,152,4,'Civique: Recensement','ffffff','000000');
INSERT INTO adapts (`id`,`parent`,`rank`,`label`,`bgcolor`,`fgcolor`) VALUES (157,152,5,'Budget : ouverture de compte, obtention RIB','ffffff','000000');
INSERT INTO adapts (`id`,`parent`,`rank`,`label`,`bgcolor`,`fgcolor`) VALUES (158,152,6,'Autre','ffffff','000000');
INSERT INTO adapts (`id`,`parent`,`rank`,`label`,`bgcolor`,`fgcolor`) VALUES (159,151,2,'Accès aux droits et à l’autonomie - accompagnement','d9d9d9','347182');
INSERT INTO adapts (`id`,`parent`,`rank`,`label`,`bgcolor`,`fgcolor`) VALUES (160,159,1,'Santé: CMP - Planning familial - Orthophoniste','ffffff','000000');
INSERT INTO adapts (`id`,`parent`,`rank`,`label`,`bgcolor`,`fgcolor`) VALUES (161,159,2,'Déplacement: BSR - code de la route - permis - aide aux trajets','ffffff','000000');
INSERT INTO adapts (`id`,`parent`,`rank`,`label`,`bgcolor`,`fgcolor`) VALUES (162,159,3,'Logement: Intégration FJT','ffffff','000000');
INSERT INTO adapts (`id`,`parent`,`rank`,`label`,`bgcolor`,`fgcolor`) VALUES (163,159,4,'Budget : aide à la gestion un budget','ffffff','000000');
INSERT INTO adapts (`id`,`parent`,`rank`,`label`,`bgcolor`,`fgcolor`) VALUES (164,159,5,'Autre','ffffff','000000');
INSERT INTO adapts (`id`,`parent`,`rank`,`label`,`bgcolor`,`fgcolor`) VALUES (165,151,3,'Lien avec les partenaires sociaux, médico sociaux et sanitaire','d9d9d9','347182');
INSERT INTO adapts (`id`,`parent`,`rank`,`label`,`bgcolor`,`fgcolor`) VALUES (166,165,1,'Lien avec un référent éducatif','ffffff','000000');
--
--  tune.sql - Add here customisations after all data is loaded
--
UPDATE choice_lists SET threshold = 3 WHERE name = 'Global';
UPDATE choice_lists SET threshold = 2 WHERE name = 'Oui';
UPDATE choice_lists SET threshold = 9 WHERE name = 'Transport';
